[Tue Jul 26 13:23:02.693583 2022] [php7:error] [pid 800:tid 1216] [client 142.93.66.137:52602] script 'C:/htdocs/homehelpers.pro/xmlrpc.php' not found or unable to stat, referer: http://myzipcodefarm.com/xmlrpc.php
[Tue Jul 26 13:24:13.348509 2022] [php7:error] [pid 800:tid 1284] [client 159.223.117.83:52976] script 'C:/htdocs/homehelpers.pro/xmlrpc.php' not found or unable to stat, referer: http://myzipcodefarm.com/xmlrpc.php
[Tue Jul 26 13:39:32.997683 2022] [php7:error] [pid 800:tid 1240] [client 194.163.187.35:44796] script 'C:/htdocs/homehelpers.pro/installer.php' not found or unable to stat
[Tue Jul 26 13:39:34.263038 2022] [authz_core:error] [pid 800:tid 1248] [client 194.163.187.35:45502] AH01630: client denied by server configuration: C:/htdocs/homehelpers.pro/.htaccess.zip
[Tue Jul 26 13:39:52.571536 2022] [php7:error] [pid 800:tid 1228] [client 194.163.187.35:55630] script 'C:/htdocs/homehelpers.pro/wp-config.php.zip' not found or unable to stat
[Tue Jul 26 13:39:52.837093 2022] [php7:error] [pid 800:tid 1228] [client 194.163.187.35:55806] script 'C:/htdocs/homehelpers.pro/wp-config.php.rar' not found or unable to stat
[Tue Jul 26 13:39:54.352469 2022] [php7:error] [pid 800:tid 1228] [client 194.163.187.35:56604] script 'C:/htdocs/homehelpers.pro/wp-login.php.zip' not found or unable to stat
[Tue Jul 26 14:35:19.655143 2022] [php7:error] [pid 800:tid 1280] [client 146.70.115.139:34016] script 'C:/htdocs/homehelpers.pro/xmlrpc.php' not found or unable to stat
[Tue Jul 26 14:38:13.433153 2022] [php7:error] [pid 800:tid 1320] [client 20.5.80.138:65348] script 'C:/htdocs/homehelpers.pro/xmlrpc.php' not found or unable to stat
[Tue Jul 26 14:51:05.985420 2022] [php7:error] [pid 800:tid 1284] [client 47.96.255.60:42376] script 'C:/htdocs/homehelpers.pro/wp-login.php' not found or unable to stat, referer: http://homehelpers.pro/wp-login.php
[Tue Jul 26 14:57:05.028330 2022] [php7:error] [pid 800:tid 1240] [client 198.203.28.43:49584] script 'C:/htdocs/homehelpers.pro/xmlrpc.php' not found or unable to stat
[Tue Jul 26 15:05:49.290871 2022] [php7:error] [pid 800:tid 1216] [client 104.33.158.182:49220] script 'C:/htdocs/homehelpers.pro/wp-cron.php' not found or unable to stat, referer: https://homehelpers.pro/wp-cron.php?doing_wp_cron=1658873148.5873320102691650390625
[Tue Jul 26 15:33:21.795239 2022] [php7:error] [pid 800:tid 1320] [client 213.152.161.229:38988] script 'C:/htdocs/homehelpers.pro/xmlrpc.php' not found or unable to stat
[Tue Jul 26 15:36:04.612110 2022] [php7:error] [pid 800:tid 1284] [client 51.210.99.98:36906] script 'C:/htdocs/homehelpers.pro/wp-login.php' not found or unable to stat, referer: http://hhpro.us/wp-login.php
[Tue Jul 26 15:44:46.164763 2022] [php7:error] [pid 800:tid 1284] [client 184.75.221.107:40386] script 'C:/htdocs/homehelpers.pro/xmlrpc.php' not found or unable to stat
[Tue Jul 26 16:34:18.218225 2022] [php7:error] [pid 800:tid 1284] [client 185.156.175.35:35112] script 'C:/htdocs/homehelpers.pro/xmlrpc.php' not found or unable to stat
[Tue Jul 26 17:46:29.460453 2022] [php7:error] [pid 800:tid 1272] [client 213.152.161.15:46270] script 'C:/htdocs/homehelpers.pro/xmlrpc.php' not found or unable to stat
[Tue Jul 26 17:47:12.826211 2022] [php7:error] [pid 800:tid 1272] [client 185.183.106.3:37258] script 'C:/htdocs/homehelpers.pro/xmlrpc.php' not found or unable to stat
[Tue Jul 26 19:21:16.478954 2022] [php7:error] [pid 800:tid 1272] [client 213.152.161.117:50346] script 'C:/htdocs/homehelpers.pro/xmlrpc.php' not found or unable to stat
[Tue Jul 26 19:40:07.671533 2022] [php7:error] [pid 800:tid 1200] [client 64.42.179.43:37904] script 'C:/htdocs/homehelpers.pro/xmlrpc.php' not found or unable to stat
[Tue Jul 26 20:45:35.619937 2022] [php7:error] [pid 800:tid 1240] [client 46.183.217.11:33742] script 'C:/htdocs/homehelpers.pro/xmlrpc.php' not found or unable to stat
[Tue Jul 26 21:57:00.481455 2022] [php7:error] [pid 800:tid 1272] [client 62.102.148.164:40522] script 'C:/htdocs/homehelpers.pro/xmlrpc.php' not found or unable to stat
[Tue Jul 26 23:39:03.303918 2022] [php7:error] [pid 800:tid 1240] [client 184.75.223.211:53350] script 'C:/htdocs/homehelpers.pro/xmlrpc.php' not found or unable to stat
[Wed Jul 27 00:10:03.102944 2022] [php7:error] [pid 800:tid 1228] [client 159.223.53.19:54963] script 'C:/htdocs/homehelpers.pro/xmlrpc.php' not found or unable to stat
[Wed Jul 27 00:31:25.717509 2022] [php7:error] [pid 800:tid 1184] [client 62.102.148.164:56416] script 'C:/htdocs/homehelpers.pro/xmlrpc.php' not found or unable to stat
[Wed Jul 27 00:53:01.093250 2022] [php7:error] [pid 800:tid 1228] [client 199.249.230.22:50782] script 'C:/htdocs/homehelpers.pro/xmlrpc.php' not found or unable to stat
[Wed Jul 27 01:20:01.557949 2022] [php7:error] [pid 800:tid 1284] [client 213.152.162.149:34228] script 'C:/htdocs/homehelpers.pro/xmlrpc.php' not found or unable to stat
[Wed Jul 27 02:17:44.472459 2022] [ssl:error] [pid 800:tid 1272] [client 104.143.83.241:60068] AH02032: Hostname device-f6018f1d-aecd-47fd-b04d-217e7712c5b7.remotewd.com provided via SNI and hostname homehelpers.pro provided via HTTP have no compatible SSL setup, referer: http://device-f6018f1d-aecd-47fd-b04d-217e7712c5b7.remotewd.com/
[Wed Jul 27 03:31:38.204152 2022] [php7:error] [pid 800:tid 1212] [client 104.33.158.182:51113] script 'C:/htdocs/homehelpers.pro/wp-cron.php' not found or unable to stat, referer: https://homehelpers.pro/wp-cron.php?doing_wp_cron=1658917897.3554461002349853515625
[Wed Jul 27 03:41:05.797671 2022] [php7:error] [pid 800:tid 1248] [client 185.7.214.104:38920] script 'C:/htdocs/homehelpers.pro/index.php' not found or unable to stat, referer: http://104.33.158.182:80/index.php?s=/Index/\\think\\app/invokefunction&function=call_user_func_array&vars[0]=md5&vars[1][]=HelloThinkPHP21
[Wed Jul 27 04:29:48.571012 2022] [php7:error] [pid 800:tid 1248] [client 89.249.74.218:51252] script 'C:/htdocs/homehelpers.pro/xmlrpc.php' not found or unable to stat
[Wed Jul 27 04:50:36.254228 2022] [php7:error] [pid 800:tid 1212] [client 104.33.158.182:51281] script 'C:/htdocs/homehelpers.pro/wp-cron.php' not found or unable to stat, referer: https://homehelpers.pro/wp-cron.php?doing_wp_cron=1658922635.5781340599060058593750
[Wed Jul 27 05:10:22.707181 2022] [php7:error] [pid 800:tid 1268] [client 89.249.74.218:46032] script 'C:/htdocs/homehelpers.pro/xmlrpc.php' not found or unable to stat
[Wed Jul 27 05:39:09.143508 2022] [php7:error] [pid 800:tid 1212] [client 82.102.23.131:33974] script 'C:/htdocs/homehelpers.pro/xmlrpc.php' not found or unable to stat
[Wed Jul 27 05:48:20.246705 2022] [php7:error] [pid 800:tid 1228] [client 79.142.76.244:40900] script 'C:/htdocs/homehelpers.pro/xmlrpc.php' not found or unable to stat
[Wed Jul 27 06:31:56.199488 2022] [php7:error] [pid 800:tid 1216] [client 20.232.164.33:51386] script 'C:/htdocs/homehelpers.pro/xmlrpc.php' not found or unable to stat
[Wed Jul 27 06:32:02.106782 2022] [php7:error] [pid 800:tid 1320] [client 91.134.248.235:35942] script 'C:/htdocs/homehelpers.pro/wp-atom.php' not found or unable to stat, referer: http://homehelpers.pro/wp-atom.php
[Wed Jul 27 06:46:07.536141 2022] [php7:error] [pid 800:tid 1216] [client 185.119.81.109:47040] script 'C:/htdocs/homehelpers.pro/wp-login.php' not found or unable to stat
[Wed Jul 27 07:28:58.983081 2022] [php7:error] [pid 800:tid 1248] [client 213.152.186.19:55750] script 'C:/htdocs/homehelpers.pro/xmlrpc.php' not found or unable to stat
[Wed Jul 27 07:45:11.254678 2022] [php7:error] [pid 800:tid 1200] [client 148.202.248.76:51404] script 'C:/htdocs/homehelpers.pro/xmlrpc.php' not found or unable to stat
[Wed Jul 27 07:45:11.254678 2022] [php7:error] [pid 800:tid 1228] [client 148.202.248.76:51406] script 'C:/htdocs/homehelpers.pro/xmlrpc.php' not found or unable to stat
[Wed Jul 27 07:45:56.132549 2022] [php7:error] [pid 800:tid 1320] [client 184.168.100.192:38098] script 'C:/htdocs/homehelpers.pro/xmlrpc.php' not found or unable to stat
[Wed Jul 27 07:45:56.132549 2022] [php7:error] [pid 800:tid 1268] [client 184.168.100.192:38100] script 'C:/htdocs/homehelpers.pro/xmlrpc.php' not found or unable to stat
[Wed Jul 27 07:46:38.759087 2022] [php7:error] [pid 800:tid 1300] [client 47.243.165.39:48358] script 'C:/htdocs/homehelpers.pro/xmlrpc.php' not found or unable to stat
[Wed Jul 27 07:46:38.774707 2022] [php7:error] [pid 800:tid 1216] [client 47.243.165.39:48360] script 'C:/htdocs/homehelpers.pro/xmlrpc.php' not found or unable to stat
[Wed Jul 27 07:47:03.751523 2022] [php7:error] [pid 800:tid 1216] [client 148.72.212.123:56462] script 'C:/htdocs/homehelpers.pro/xmlrpc.php' not found or unable to stat
[Wed Jul 27 07:47:04.548004 2022] [php7:error] [pid 800:tid 1300] [client 148.72.212.123:56464] script 'C:/htdocs/homehelpers.pro/xmlrpc.php' not found or unable to stat
[Wed Jul 27 07:47:14.355938 2022] [php7:error] [pid 800:tid 1228] [client 45.55.183.193:41188] script 'C:/htdocs/homehelpers.pro/xmlrpc.php' not found or unable to stat
[Wed Jul 27 07:47:14.387180 2022] [php7:error] [pid 800:tid 1200] [client 45.55.183.193:41197] script 'C:/htdocs/homehelpers.pro/xmlrpc.php' not found or unable to stat
[Wed Jul 27 07:47:15.000679 2022] [php7:error] [pid 800:tid 1268] [client 198.71.225.141:35005] script 'C:/htdocs/homehelpers.pro/xmlrpc.php' not found or unable to stat
[Wed Jul 27 07:47:15.016299 2022] [php7:error] [pid 800:tid 1212] [client 198.71.225.141:35007] script 'C:/htdocs/homehelpers.pro/xmlrpc.php' not found or unable to stat
[Wed Jul 27 07:47:15.346445 2022] [php7:error] [pid 800:tid 1248] [client 207.246.249.205:59180] script 'C:/htdocs/homehelpers.pro/xmlrpc.php' not found or unable to stat
[Wed Jul 27 07:47:15.346445 2022] [php7:error] [pid 800:tid 1192] [client 207.246.249.205:59178] script 'C:/htdocs/homehelpers.pro/xmlrpc.php' not found or unable to stat
[Wed Jul 27 07:48:27.789725 2022] [php7:error] [pid 800:tid 1212] [client 50.62.177.181:18139] script 'C:/htdocs/homehelpers.pro/xmlrpc.php' not found or unable to stat
[Wed Jul 27 07:48:27.836648 2022] [php7:error] [pid 800:tid 1268] [client 50.62.177.181:18145] script 'C:/htdocs/homehelpers.pro/xmlrpc.php' not found or unable to stat
[Wed Jul 27 07:49:02.726206 2022] [php7:error] [pid 800:tid 1272] [client 148.66.146.7:16187] script 'C:/htdocs/homehelpers.pro/xmlrpc.php' not found or unable to stat
[Wed Jul 27 07:49:02.726206 2022] [php7:error] [pid 800:tid 1228] [client 148.66.146.7:16189] script 'C:/htdocs/homehelpers.pro/xmlrpc.php' not found or unable to stat
[Wed Jul 27 07:49:32.971157 2022] [php7:error] [pid 800:tid 1300] [client 132.148.121.133:15138] script 'C:/htdocs/homehelpers.pro/xmlrpc.php' not found or unable to stat
[Wed Jul 27 07:49:32.971157 2022] [php7:error] [pid 800:tid 1248] [client 132.148.121.133:15140] script 'C:/htdocs/homehelpers.pro/xmlrpc.php' not found or unable to stat
[Wed Jul 27 07:50:29.769337 2022] [php7:error] [pid 800:tid 1216] [client 179.83.208.25:10882] script 'C:/htdocs/homehelpers.pro/xmlrpc.php' not found or unable to stat
[Wed Jul 27 07:50:29.784960 2022] [php7:error] [pid 800:tid 1284] [client 179.83.208.25:10880] script 'C:/htdocs/homehelpers.pro/xmlrpc.php' not found or unable to stat
[Wed Jul 27 07:50:55.806261 2022] [php7:error] [pid 800:tid 1200] [client 188.65.115.194:41252] script 'C:/htdocs/homehelpers.pro/xmlrpc.php' not found or unable to stat
[Wed Jul 27 08:16:22.721635 2022] [php7:error] [pid 5508:tid 1200] [client 103.163.246.98:52826] script 'C:/htdocs/homehelpers.pro/wp-login.php' not found or unable to stat, referer: http://homehelpers.pro/wp-login.php
[Wed Jul 27 09:00:56.700770 2022] [php7:error] [pid 5508:tid 1228] [client 118.69.173.205:39820] script 'C:/htdocs/homehelpers.pro/wp-login.php' not found or unable to stat, referer: http://device-f6018f1d-aecd-47fd-b04d-217e7712c5b7.remotewd.com/wp-login.php
[Wed Jul 27 10:10:24.084775 2022] [php7:error] [pid 5508:tid 1264] [client 95.179.224.224:55878] script 'C:/htdocs/homehelpers.pro/wp-login.php' not found or unable to stat, referer: http://myzipcodefarm.com/wp-login.php
[Wed Jul 27 10:12:22.969859 2022] [php7:error] [pid 5508:tid 1312] [client 62.102.148.162:33946] script 'C:/htdocs/homehelpers.pro/xmlrpc.php' not found or unable to stat
[Wed Jul 27 10:22:14.692586 2022] [php7:error] [pid 5508:tid 1244] [client 184.75.221.179:40852] script 'C:/htdocs/homehelpers.pro/xmlrpc.php' not found or unable to stat
[Wed Jul 27 10:47:44.521232 2022] [php7:error] [pid 5508:tid 1172] [client 61.77.106.99:57558] script 'C:/htdocs/homehelpers.pro/wp-login.php' not found or unable to stat, referer: http://myzipcodefarm.com/wp-login.php
[Wed Jul 27 10:50:47.920607 2022] [php7:error] [pid 5508:tid 1264] [client 171.22.26.91:43906] script 'C:/htdocs/homehelpers.pro/xmlrpc.php' not found or unable to stat
[Wed Jul 27 10:52:34.116398 2022] [php7:error] [pid 5508:tid 1208] [client 52.184.199.10:29768] script 'C:/htdocs/homehelpers.pro/xmlrpc.php' not found or unable to stat
[Wed Jul 27 11:28:50.695981 2022] [authz_core:error] [pid 5508:tid 1284] [client 193.201.9.12:35462] AH01630: client denied by server configuration: C:/htdocs/homehelpers.pro/wp-content/plugins/akismet/class.akismet-https.php
[Wed Jul 27 11:28:55.837201 2022] [authz_core:error] [pid 5508:tid 1200] [client 193.201.9.12:60504] AH01630: client denied by server configuration: C:/htdocs/homehelpers.pro/wp-content/plugins/akismet/class.akismet-https.php
[Wed Jul 27 11:29:00.633575 2022] [authz_core:error] [pid 5508:tid 1176] [client 193.201.9.12:57556] AH01630: client denied by server configuration: C:/htdocs/homehelpers.pro/wp-content/plugins/akismet/class.akismet-https.php
[Wed Jul 27 11:41:44.943483 2022] [php7:error] [pid 5508:tid 1264] [client 213.152.186.173:44834] script 'C:/htdocs/homehelpers.pro/xmlrpc.php' not found or unable to stat
[Wed Jul 27 12:29:08.395965 2022] [php7:error] [pid 5508:tid 1176] [client 121.46.26.36:30640] script 'C:/htdocs/homehelpers.pro/xmlrpc.php' not found or unable to stat
[Wed Jul 27 12:29:39.485774 2022] [php7:error] [pid 5508:tid 1156] [client 213.152.187.230:37322] script 'C:/htdocs/homehelpers.pro/xmlrpc.php' not found or unable to stat
[Wed Jul 27 12:41:25.548770 2022] [php7:error] [pid 5508:tid 1176] [client 147.78.47.233:52366] script 'C:/htdocs/homehelpers.pro/wp-login.php' not found or unable to stat
[Wed Jul 27 12:45:10.978594 2022] [php7:error] [pid 5508:tid 1132] [client 134.19.179.243:35870] script 'C:/htdocs/homehelpers.pro/xmlrpc.php' not found or unable to stat
[Wed Jul 27 12:56:26.033081 2022] [php7:error] [pid 5508:tid 1140] [client 173.44.55.179:53292] script 'C:/htdocs/homehelpers.pro/xmlrpc.php' not found or unable to stat
[Wed Jul 27 13:06:54.373946 2022] [php7:error] [pid 5508:tid 1200] [client 165.227.223.62:39032] script 'C:/htdocs/homehelpers.pro/wp-login.php' not found or unable to stat, referer: http://homehelpers.pro/wp-login.php
[Wed Jul 27 13:42:43.538303 2022] [php7:error] [pid 5508:tid 1148] [client 185.119.81.109:60202] script 'C:/htdocs/homehelpers.pro/wp-login.php' not found or unable to stat
[Wed Jul 27 13:48:27.500779 2022] [php7:error] [pid 5508:tid 1120] [client 84.39.116.180:45744] script 'C:/htdocs/homehelpers.pro/xmlrpc.php' not found or unable to stat
[Wed Jul 27 14:26:09.670758 2022] [php7:error] [pid 5508:tid 1140] [client 5.161.129.72:53394] script 'C:/htdocs/homehelpers.pro/xmlrpc.php' not found or unable to stat
[Wed Jul 27 14:40:41.464017 2022] [php7:error] [pid 5508:tid 1180] [client 217.138.252.123:42020] script 'C:/htdocs/homehelpers.pro/xmlrpc.php' not found or unable to stat
[Wed Jul 27 14:42:29.265317 2022] [php7:error] [pid 5508:tid 1304] [client 185.206.225.51:33646] script 'C:/htdocs/homehelpers.pro/xmlrpc.php' not found or unable to stat
[Wed Jul 27 15:27:02.991050 2022] [php7:error] [pid 5508:tid 1120] [client 217.61.143.40:35996] script 'C:/htdocs/homehelpers.pro/radio.php' not found or unable to stat, referer: http://homehelpers.pro/radio.php
[Wed Jul 27 17:27:27.727639 2022] [php7:error] [pid 5508:tid 1176] [client 185.119.81.109:49162] script 'C:/htdocs/homehelpers.pro/wp-login.php' not found or unable to stat
[Wed Jul 27 18:58:11.410353 2022] [php7:error] [pid 5508:tid 1288] [client 185.119.81.109:51216] script 'C:/htdocs/homehelpers.pro/wp-login.php' not found or unable to stat
[Wed Jul 27 19:39:10.877876 2022] [php7:error] [pid 5508:tid 1172] [client 185.119.81.109:56506] script 'C:/htdocs/homehelpers.pro/wp-login.php' not found or unable to stat
[Wed Jul 27 21:06:55.950585 2022] [php7:error] [pid 5508:tid 1288] [client 208.67.105.181:61327] script 'C:/htdocs/homehelpers.pro/xmlrpc.php' not found or unable to stat
[Wed Jul 27 23:49:56.054743 2022] [ssl:error] [pid 5508:tid 1264] [client 104.143.83.241:39986] AH02032: Hostname device-f6018f1d-aecd-47fd-b04d-217e7712c5b7.remotewd.com provided via SNI and hostname homehelpers.pro provided via HTTP have no compatible SSL setup, referer: http://device-f6018f1d-aecd-47fd-b04d-217e7712c5b7.remotewd.com/
[Thu Jul 28 00:27:46.975447 2022] [php7:error] [pid 5508:tid 1148] [client 193.201.9.12:47028] script 'C:/htdocs/homehelpers.pro/wp-content/wp-content.php' not found or unable to stat
[Thu Jul 28 01:14:45.051447 2022] [php7:error] [pid 5508:tid 1232] [client 185.119.81.109:35700] script 'C:/htdocs/homehelpers.pro/wp-login.php' not found or unable to stat
[Thu Jul 28 02:02:39.919322 2022] [php7:error] [pid 5508:tid 1304] [client 159.65.203.248:47228] script 'C:/htdocs/homehelpers.pro/system_api.php' not found or unable to stat
[Thu Jul 28 02:50:11.327272 2022] [php7:error] [pid 5508:tid 1252] [client 185.7.214.104:53918] script 'C:/htdocs/homehelpers.pro/index.php' not found or unable to stat, referer: http://104.33.158.182:80/index.php?s=/Index/\\think\\app/invokefunction&function=call_user_func_array&vars[0]=md5&vars[1][]=HelloThinkPHP21
[Thu Jul 28 04:31:46.669825 2022] [php7:error] [pid 5508:tid 1200] [client 185.119.81.109:39220] script 'C:/htdocs/homehelpers.pro/wp-login.php' not found or unable to stat
[Thu Jul 28 05:01:58.662189 2022] [php7:error] [pid 5508:tid 1296] [client 8.142.80.20:60970] script 'C:/htdocs/homehelpers.pro/xmlrpc.php' not found or unable to stat
[Thu Jul 28 05:02:05.103597 2022] [php7:error] [pid 5508:tid 1304] [client 92.119.156.31:47738] script 'C:/htdocs/homehelpers.pro/xmlrpc.php' not found or unable to stat
[Thu Jul 28 05:33:19.159088 2022] [php7:error] [pid 5508:tid 1160] [client 184.168.125.241:33592] script 'C:/htdocs/homehelpers.pro/xmlrpc.php' not found or unable to stat
[Thu Jul 28 05:33:28.689055 2022] [php7:error] [pid 5508:tid 1148] [client 3.93.133.131:34358] script 'C:/htdocs/homehelpers.pro/xmlrpc.php' not found or unable to stat
[Thu Jul 28 05:36:05.668506 2022] [php7:error] [pid 5508:tid 1148] [client 185.119.81.109:37676] script 'C:/htdocs/homehelpers.pro/wp-login.php' not found or unable to stat
[Thu Jul 28 06:01:48.084619 2022] [php7:error] [pid 5508:tid 1160] [client 188.68.47.126:41338] script 'C:/htdocs/homehelpers.pro/xmlrpc.php' not found or unable to stat
[Thu Jul 28 06:01:52.850053 2022] [php7:error] [pid 5508:tid 1288] [client 199.250.213.85:53910] script 'C:/htdocs/homehelpers.pro/xmlrpc.php' not found or unable to stat
[Thu Jul 28 06:13:05.951624 2022] [php7:error] [pid 5508:tid 1232] [client 154.0.165.146:58350] script 'C:/htdocs/homehelpers.pro/xmlrpc.php' not found or unable to stat
[Thu Jul 28 06:13:16.955856 2022] [php7:error] [pid 5508:tid 1140] [client 68.183.203.185:45746] script 'C:/htdocs/homehelpers.pro/xmlrpc.php' not found or unable to stat
[Thu Jul 28 06:32:58.535767 2022] [php7:error] [pid 5508:tid 1288] [client 91.121.237.231:37086] script 'C:/htdocs/homehelpers.pro/xmlrpc.php' not found or unable to stat
[Thu Jul 28 06:33:04.445689 2022] [php7:error] [pid 5508:tid 1288] [client 141.94.87.67:51818] script 'C:/htdocs/homehelpers.pro/xmlrpc.php' not found or unable to stat
[Thu Jul 28 08:03:26.256501 2022] [php7:error] [pid 6456:tid 1196] [client 185.119.81.109:60586] script 'C:/htdocs/homehelpers.pro/wp-login.php' not found or unable to stat
[Thu Jul 28 08:25:35.269414 2022] [php7:error] [pid 6456:tid 1196] [client 79.142.76.244:39676] script 'C:/htdocs/homehelpers.pro/xmlrpc.php' not found or unable to stat
[Thu Jul 28 08:30:52.964174 2022] [php7:error] [pid 6456:tid 1216] [client 5.189.128.189:47206] script 'C:/htdocs/homehelpers.pro/wp-login.php' not found or unable to stat, referer: http://homehelpers.pro/wp-login.php
[Thu Jul 28 08:38:56.658067 2022] [php7:error] [pid 6456:tid 1248] [client 208.67.106.151:60048] script 'C:/htdocs/homehelpers.pro/wp-plain.php' not found or unable to stat
[Thu Jul 28 08:39:30.922660 2022] [php7:error] [pid 6456:tid 1300] [client 208.67.106.151:55018] script 'C:/htdocs/homehelpers.pro/szbjqrmq.php' not found or unable to stat
[Thu Jul 28 08:53:51.622554 2022] [php7:error] [pid 6456:tid 1200] [client 184.75.221.211:49546] script 'C:/htdocs/homehelpers.pro/xmlrpc.php' not found or unable to stat
[Thu Jul 28 08:58:22.760035 2022] [php7:error] [pid 6456:tid 1228] [client 37.120.217.243:58954] script 'C:/htdocs/homehelpers.pro/xmlrpc.php' not found or unable to stat
[Thu Jul 28 10:13:36.466916 2022] [php7:error] [pid 6456:tid 1312] [client 192.145.239.32:43742] script 'C:/htdocs/homehelpers.pro/wp-login.php' not found or unable to stat, referer: http://myzipcodefarm.com/wp-login.php
[Thu Jul 28 10:41:35.440926 2022] [php7:error] [pid 6456:tid 1228] [client 213.152.187.215:50590] script 'C:/htdocs/homehelpers.pro/xmlrpc.php' not found or unable to stat
[Thu Jul 28 10:46:44.223917 2022] [php7:error] [pid 6456:tid 1184] [client 134.19.179.187:59778] script 'C:/htdocs/homehelpers.pro/xmlrpc.php' not found or unable to stat
[Thu Jul 28 11:11:50.182776 2022] [php7:error] [pid 6456:tid 1248] [client 2.58.47.203:55504] script 'C:/htdocs/homehelpers.pro/xmlrpc.php' not found or unable to stat
[Thu Jul 28 13:16:20.459721 2022] [php7:error] [pid 6456:tid 1228] [client 208.67.105.73:52650] script 'C:/htdocs/homehelpers.pro/wp-plain.php' not found or unable to stat
[Thu Jul 28 13:17:05.924289 2022] [php7:error] [pid 6456:tid 1200] [client 208.67.105.73:57100] script 'C:/htdocs/homehelpers.pro/tfvqhggb.php' not found or unable to stat
[Thu Jul 28 13:22:35.266236 2022] [php7:error] [pid 6456:tid 1288] [client 208.67.105.73:49234] script 'C:/htdocs/homehelpers.pro/wp-content/uploads/Mjzrh.php' not found or unable to stat
[Thu Jul 28 13:29:23.597572 2022] [php7:error] [pid 6456:tid 1196] [client 185.119.81.109:47906] script 'C:/htdocs/homehelpers.pro/wp-login.php' not found or unable to stat
[Thu Jul 28 14:22:18.333663 2022] [php7:error] [pid 6456:tid 1184] [client 185.206.225.51:51052] script 'C:/htdocs/homehelpers.pro/xmlrpc.php' not found or unable to stat
[Thu Jul 28 14:47:22.368525 2022] [php7:error] [pid 6456:tid 1300] [client 146.70.76.35:56416] script 'C:/htdocs/homehelpers.pro/xmlrpc.php' not found or unable to stat
[Thu Jul 28 15:03:47.736150 2022] [php7:error] [pid 6456:tid 1300] [client 185.119.81.109:40086] script 'C:/htdocs/homehelpers.pro/wp-login.php' not found or unable to stat
[Thu Jul 28 15:41:25.156314 2022] [php7:error] [pid 6456:tid 1300] [client 185.104.184.43:53152] script 'C:/htdocs/homehelpers.pro/xmlrpc.php' not found or unable to stat
[Thu Jul 28 15:50:43.812002 2022] [php7:error] [pid 6456:tid 1140] [client 37.120.132.83:59454] script 'C:/htdocs/homehelpers.pro/xmlrpc.php' not found or unable to stat
[Thu Jul 28 15:54:22.204424 2022] [php7:error] [pid 6456:tid 1300] [client 37.120.132.83:43770] script 'C:/htdocs/homehelpers.pro/xmlrpc.php' not found or unable to stat
[Thu Jul 28 16:26:32.140271 2022] [php7:error] [pid 6456:tid 1164] [client 62.102.148.164:50076] script 'C:/htdocs/homehelpers.pro/xmlrpc.php' not found or unable to stat
[Thu Jul 28 16:31:51.062660 2022] [php7:error] [pid 6456:tid 1288] [client 213.152.161.138:44216] script 'C:/htdocs/homehelpers.pro/xmlrpc.php' not found or unable to stat
[Thu Jul 28 16:41:51.907988 2022] [php7:error] [pid 6456:tid 1248] [client 107.167.244.83:48590] script 'C:/htdocs/homehelpers.pro/xmlrpc.php' not found or unable to stat
[Thu Jul 28 18:31:37.119404 2022] [php7:error] [pid 6456:tid 1220] [client 178.128.221.75:52942] script 'C:/htdocs/homehelpers.pro/xmlrpc.php' not found or unable to stat
[Thu Jul 28 18:58:29.984979 2022] [php7:error] [pid 6456:tid 1124] [client 184.75.221.171:58306] script 'C:/htdocs/homehelpers.pro/xmlrpc.php' not found or unable to stat
[Thu Jul 28 19:24:35.738567 2022] [php7:error] [pid 6456:tid 1136] [client 178.162.204.214:42776] script 'C:/htdocs/homehelpers.pro/xmlrpc.php' not found or unable to stat
[Thu Jul 28 19:56:03.853434 2022] [php7:error] [pid 6456:tid 1268] [client 185.132.176.144:42490] script 'C:/htdocs/homehelpers.pro/wp-content/shell20211028.php' not found or unable to stat, referer: http://homehelpers.pro/wp-content/shell20211028.php
[Thu Jul 28 20:01:29.685891 2022] [php7:error] [pid 6456:tid 1228] [client 213.152.162.15:59038] script 'C:/htdocs/homehelpers.pro/xmlrpc.php' not found or unable to stat
[Thu Jul 28 20:02:54.292076 2022] [php7:error] [pid 6456:tid 1228] [client 20.92.234.205:59225] script 'C:/htdocs/homehelpers.pro/xmlrpc.php' not found or unable to stat
[Thu Jul 28 20:44:11.171904 2022] [php7:error] [pid 6456:tid 1136] [client 47.242.250.194:39546] script 'C:/htdocs/homehelpers.pro/small.php' not found or unable to stat, referer: http://homehelpers.pro/small.php
[Thu Jul 28 21:08:34.570702 2022] [php7:error] [pid 6456:tid 1228] [client 176.9.78.116:46850] script 'C:/htdocs/homehelpers.pro/xmlrpc.php' not found or unable to stat
[Thu Jul 28 21:08:34.586324 2022] [php7:error] [pid 6456:tid 1288] [client 176.9.78.116:46854] script 'C:/htdocs/homehelpers.pro/xmlrpc.php' not found or unable to stat
[Thu Jul 28 21:08:40.756781 2022] [php7:error] [pid 6456:tid 1228] [client 185.128.81.66:37266] script 'C:/htdocs/homehelpers.pro/xmlrpc.php' not found or unable to stat
[Thu Jul 28 21:09:28.824058 2022] [php7:error] [pid 6456:tid 1248] [client 103.80.49.213:60212] script 'C:/htdocs/homehelpers.pro/xmlrpc.php' not found or unable to stat
[Thu Jul 28 21:09:41.267150 2022] [php7:error] [pid 6456:tid 1312] [client 50.62.176.86:14368] script 'C:/htdocs/homehelpers.pro/xmlrpc.php' not found or unable to stat
[Thu Jul 28 21:09:49.302145 2022] [php7:error] [pid 6456:tid 1248] [client 115.68.182.136:34403] script 'C:/htdocs/homehelpers.pro/xmlrpc.php' not found or unable to stat
[Thu Jul 28 21:09:57.762198 2022] [php7:error] [pid 6456:tid 1228] [client 47.243.165.39:50178] script 'C:/htdocs/homehelpers.pro/xmlrpc.php' not found or unable to stat
[Thu Jul 28 21:09:57.762198 2022] [php7:error] [pid 6456:tid 1136] [client 47.243.165.39:50180] script 'C:/htdocs/homehelpers.pro/xmlrpc.php' not found or unable to stat
[Thu Jul 28 21:09:57.918407 2022] [php7:error] [pid 6456:tid 1288] [client 203.245.28.189:49452] script 'C:/htdocs/homehelpers.pro/xmlrpc.php' not found or unable to stat
[Thu Jul 28 21:09:58.390790 2022] [php7:error] [pid 6456:tid 1156] [client 103.58.149.162:9510] script 'C:/htdocs/homehelpers.pro/xmlrpc.php' not found or unable to stat
[Thu Jul 28 21:09:58.406409 2022] [php7:error] [pid 6456:tid 1184] [client 103.58.149.162:9512] script 'C:/htdocs/homehelpers.pro/xmlrpc.php' not found or unable to stat
[Thu Jul 28 21:10:36.306501 2022] [php7:error] [pid 6456:tid 1136] [client 198.71.241.29:15501] script 'C:/htdocs/homehelpers.pro/xmlrpc.php' not found or unable to stat
[Thu Jul 28 21:10:36.322397 2022] [php7:error] [pid 6456:tid 1116] [client 198.71.241.29:15503] script 'C:/htdocs/homehelpers.pro/xmlrpc.php' not found or unable to stat
[Thu Jul 28 21:11:09.792322 2022] [php7:error] [pid 6456:tid 1184] [client 159.89.182.223:49866] script 'C:/htdocs/homehelpers.pro/xmlrpc.php' not found or unable to stat
[Thu Jul 28 21:11:09.839184 2022] [php7:error] [pid 6456:tid 1288] [client 159.89.182.223:49880] script 'C:/htdocs/homehelpers.pro/xmlrpc.php' not found or unable to stat
[Thu Jul 28 21:11:46.652169 2022] [php7:error] [pid 6456:tid 1124] [client 5.187.48.137:38628] script 'C:/htdocs/homehelpers.pro/xmlrpc.php' not found or unable to stat
[Thu Jul 28 21:11:47.167657 2022] [php7:error] [pid 6456:tid 1156] [client 195.64.174.10:39993] script 'C:/htdocs/homehelpers.pro/xmlrpc.php' not found or unable to stat
[Thu Jul 28 21:11:47.198896 2022] [php7:error] [pid 6456:tid 1248] [client 195.64.174.10:39992] script 'C:/htdocs/homehelpers.pro/xmlrpc.php' not found or unable to stat
[Thu Jul 28 21:11:47.714384 2022] [php7:error] [pid 6456:tid 1228] [client 50.53.191.46:58269] script 'C:/htdocs/homehelpers.pro/xmlrpc.php' not found or unable to stat
[Thu Jul 28 21:11:48.183010 2022] [php7:error] [pid 6456:tid 1116] [client 51.81.245.105:45930] script 'C:/htdocs/homehelpers.pro/xmlrpc.php' not found or unable to stat
[Thu Jul 28 21:12:18.252721 2022] [php7:error] [pid 6456:tid 1312] [client 178.32.227.133:35512] script 'C:/htdocs/homehelpers.pro/xmlrpc.php' not found or unable to stat
[Thu Jul 28 21:12:18.268342 2022] [php7:error] [pid 6456:tid 1228] [client 178.32.227.133:35513] script 'C:/htdocs/homehelpers.pro/xmlrpc.php' not found or unable to stat
[Thu Jul 28 21:12:47.794649 2022] [php7:error] [pid 6456:tid 1124] [client 91.134.248.253:56668] script 'C:/htdocs/homehelpers.pro/xmlrpc.php' not found or unable to stat
[Thu Jul 28 21:42:09.632175 2022] [php7:error] [pid 6456:tid 1264] [client 134.19.179.179:47440] script 'C:/htdocs/homehelpers.pro/xmlrpc.php' not found or unable to stat
[Thu Jul 28 22:38:42.270856 2022] [php7:error] [pid 6456:tid 1312] [client 185.119.81.109:54964] script 'C:/htdocs/homehelpers.pro/wp-login.php' not found or unable to stat
[Thu Jul 28 23:12:01.140390 2022] [php7:error] [pid 6456:tid 1240] [client 185.7.214.104:60036] script 'C:/htdocs/homehelpers.pro/index.php' not found or unable to stat, referer: http://104.33.158.182:80/index.php?s=/Index/\\think\\app/invokefunction&function=call_user_func_array&vars[0]=md5&vars[1][]=HelloThinkPHP21
[Thu Jul 28 23:24:53.070446 2022] [php7:error] [pid 6456:tid 1184] [client 213.152.186.168:43206] script 'C:/htdocs/homehelpers.pro/xmlrpc.php' not found or unable to stat
[Thu Jul 28 23:45:09.884821 2022] [php7:error] [pid 6456:tid 1264] [client 139.28.218.235:44816] script 'C:/htdocs/homehelpers.pro/xmlrpc.php' not found or unable to stat
[Fri Jul 29 00:14:05.179281 2022] [php7:error] [pid 6456:tid 1184] [client 184.75.223.211:38074] script 'C:/htdocs/homehelpers.pro/xmlrpc.php' not found or unable to stat
[Fri Jul 29 01:31:46.679713 2022] [ssl:error] [pid 6456:tid 1240] [client 104.143.83.241:54106] AH02032: Hostname device-f6018f1d-aecd-47fd-b04d-217e7712c5b7.remotewd.com provided via SNI and hostname homehelpers.pro provided via HTTP have no compatible SSL setup, referer: http://device-f6018f1d-aecd-47fd-b04d-217e7712c5b7.remotewd.com/
[Fri Jul 29 01:39:59.165758 2022] [php7:error] [pid 6456:tid 1240] [client 20.25.179.105:60154] script 'C:/htdocs/homehelpers.pro/xmlrpc.php' not found or unable to stat
[Fri Jul 29 02:16:45.504214 2022] [php7:error] [pid 6456:tid 1124] [client 185.119.81.109:60970] script 'C:/htdocs/homehelpers.pro/wp-login.php' not found or unable to stat
[Fri Jul 29 03:16:29.532271 2022] [php7:error] [pid 6456:tid 1124] [client 146.70.61.139:34172] script 'C:/htdocs/homehelpers.pro/xmlrpc.php' not found or unable to stat
[Fri Jul 29 03:58:23.145515 2022] [php7:error] [pid 6456:tid 1248] [client 213.152.161.219:59462] script 'C:/htdocs/homehelpers.pro/xmlrpc.php' not found or unable to stat
[Fri Jul 29 05:23:26.255117 2022] [php7:error] [pid 6456:tid 1288] [client 128.127.104.80:46010] script 'C:/htdocs/homehelpers.pro/xmlrpc.php' not found or unable to stat
[Fri Jul 29 05:51:44.726875 2022] [php7:error] [pid 6456:tid 1248] [client 20.219.110.91:52259] script 'C:/htdocs/homehelpers.pro/up.php' not found or unable to stat
[Fri Jul 29 05:51:49.549647 2022] [php7:error] [pid 6456:tid 1248] [client 20.219.110.91:53915] script 'C:/htdocs/homehelpers.pro/doc.php' not found or unable to stat
[Fri Jul 29 05:51:51.335321 2022] [php7:error] [pid 6456:tid 1248] [client 20.219.110.91:54434] script 'C:/htdocs/homehelpers.pro/shells.php' not found or unable to stat
[Fri Jul 29 05:51:52.502386 2022] [php7:error] [pid 6456:tid 1248] [client 20.219.110.91:54829] script 'C:/htdocs/homehelpers.pro/about.php' not found or unable to stat
[Fri Jul 29 05:51:55.404291 2022] [php7:error] [pid 6456:tid 1248] [client 20.219.110.91:55715] script 'C:/htdocs/homehelpers.pro/about.php' not found or unable to stat
[Fri Jul 29 05:51:58.660218 2022] [php7:error] [pid 6456:tid 1248] [client 20.219.110.91:56828] script 'C:/htdocs/homehelpers.pro/wp-content/fw.php' not found or unable to stat
[Fri Jul 29 05:52:05.720877 2022] [php7:error] [pid 6456:tid 1248] [client 20.219.110.91:59002] script 'C:/htdocs/homehelpers.pro/wp-content/wso.php' not found or unable to stat
[Fri Jul 29 05:52:08.254018 2022] [php7:error] [pid 6456:tid 1248] [client 20.219.110.91:59848] script 'C:/htdocs/homehelpers.pro/wp-22.php' not found or unable to stat
[Fri Jul 29 05:52:09.456618 2022] [php7:error] [pid 6456:tid 1220] [client 20.219.110.91:60189] script 'C:/htdocs/homehelpers.pro/alfa.php' not found or unable to stat
[Fri Jul 29 05:52:10.785510 2022] [php7:error] [pid 6456:tid 1248] [client 20.219.110.91:60591] script 'C:/htdocs/homehelpers.pro/fw.php' not found or unable to stat
[Fri Jul 29 05:52:12.005188 2022] [php7:error] [pid 6456:tid 1248] [client 20.219.110.91:60974] script 'C:/htdocs/homehelpers.pro/shell.php' not found or unable to stat
[Fri Jul 29 05:57:30.525115 2022] [php7:error] [pid 6456:tid 1300] [client 185.9.19.107:46864] script 'C:/htdocs/homehelpers.pro/xmlrpc.php' not found or unable to stat
[Fri Jul 29 06:56:31.498984 2022] [php7:error] [pid 6456:tid 1124] [client 213.152.161.117:48156] script 'C:/htdocs/homehelpers.pro/xmlrpc.php' not found or unable to stat
[Fri Jul 29 06:57:03.242746 2022] [php7:error] [pid 6456:tid 1248] [client 62.102.148.154:38868] script 'C:/htdocs/homehelpers.pro/xmlrpc.php' not found or unable to stat
[Fri Jul 29 07:19:10.458386 2022] [php7:error] [pid 6456:tid 1116] [client 142.93.175.129:41776] script 'C:/htdocs/homehelpers.pro/shell20211028.php' not found or unable to stat, referer: http://homehelpers.pro/shell20211028.php
[Fri Jul 29 07:20:39.419780 2022] [php7:error] [pid 6456:tid 1220] [client 162.219.176.3:37088] script 'C:/htdocs/homehelpers.pro/xmlrpc.php' not found or unable to stat
[Fri Jul 29 07:56:15.533534 2022] [php7:error] [pid 5880:tid 1260] [client 37.57.218.243:59904] script 'C:/htdocs/homehelpers.pro/index.php' not found or unable to stat
[Fri Jul 29 07:58:03.263105 2022] [php7:error] [pid 5880:tid 1276] [client 91.231.84.41:36172] script 'C:/htdocs/homehelpers.pro/xmlrpc.php' not found or unable to stat
[Fri Jul 29 10:07:33.906090 2022] [php7:error] [pid 5880:tid 1196] [client 193.37.254.35:43660] script 'C:/htdocs/homehelpers.pro/xmlrpc.php' not found or unable to stat
[Fri Jul 29 10:22:16.079112 2022] [php7:error] [pid 5880:tid 1204] [client 185.119.81.109:48964] script 'C:/htdocs/homehelpers.pro/wp-login.php' not found or unable to stat
[Fri Jul 29 11:43:32.677352 2022] [php7:error] [pid 5880:tid 1296] [client 173.44.55.179:37718] script 'C:/htdocs/homehelpers.pro/xmlrpc.php' not found or unable to stat
[Fri Jul 29 12:10:36.105291 2022] [php7:error] [pid 5880:tid 1168] [client 185.200.116.219:48830] script 'C:/htdocs/homehelpers.pro/xmlrpc.php' not found or unable to stat
[Fri Jul 29 12:19:38.430656 2022] [php7:error] [pid 5880:tid 1180] [client 23.88.117.102:37048] script 'C:/htdocs/homehelpers.pro/wp-login.php' not found or unable to stat, referer: http://device-f6018f1d-aecd-47fd-b04d-217e7712c5b7.remotewd.com/wp-login.php
[Fri Jul 29 12:35:32.297650 2022] [php7:error] [pid 5880:tid 1304] [client 37.120.217.243:58528] script 'C:/htdocs/homehelpers.pro/xmlrpc.php' not found or unable to stat
[Fri Jul 29 13:38:42.153035 2022] [php7:error] [pid 5880:tid 1240] [client 79.142.69.160:38634] script 'C:/htdocs/homehelpers.pro/xmlrpc.php' not found or unable to stat
[Fri Jul 29 13:42:27.124719 2022] [php7:error] [pid 5880:tid 1288] [client 184.75.214.163:32864] script 'C:/htdocs/homehelpers.pro/xmlrpc.php' not found or unable to stat
[Fri Jul 29 14:09:27.964891 2022] [php7:error] [pid 5880:tid 1228] [client 20.120.91.50:59783] script 'C:/htdocs/homehelpers.pro/makhdamxehadshell.php' not found or unable to stat
[Fri Jul 29 14:09:31.519338 2022] [php7:error] [pid 5880:tid 1228] [client 20.120.91.50:59783] script 'C:/htdocs/homehelpers.pro/0.php' not found or unable to stat
[Fri Jul 29 14:09:33.505113 2022] [php7:error] [pid 5880:tid 1228] [client 20.120.91.50:59783] script 'C:/htdocs/homehelpers.pro/01.php' not found or unable to stat
[Fri Jul 29 14:09:35.756069 2022] [php7:error] [pid 5880:tid 1228] [client 20.120.91.50:59783] script 'C:/htdocs/homehelpers.pro/0byte.php' not found or unable to stat
[Fri Jul 29 14:09:37.347240 2022] [php7:error] [pid 5880:tid 1228] [client 20.120.91.50:59783] script 'C:/htdocs/homehelpers.pro/1.php' not found or unable to stat
[Fri Jul 29 14:09:38.596907 2022] [php7:error] [pid 5880:tid 1228] [client 20.120.91.50:59783] script 'C:/htdocs/homehelpers.pro/10.php' not found or unable to stat
[Fri Jul 29 14:09:45.072635 2022] [php7:error] [pid 5880:tid 1228] [client 20.120.91.50:50358] script 'C:/htdocs/homehelpers.pro/100.php' not found or unable to stat
[Fri Jul 29 14:09:47.093818 2022] [php7:error] [pid 5880:tid 1228] [client 20.120.91.50:50358] script 'C:/htdocs/homehelpers.pro/11index.php' not found or unable to stat
[Fri Jul 29 14:09:49.850152 2022] [php7:error] [pid 5880:tid 1228] [client 20.120.91.50:50358] script 'C:/htdocs/homehelpers.pro/13.php' not found or unable to stat
[Fri Jul 29 14:09:53.585311 2022] [php7:error] [pid 5880:tid 1228] [client 20.120.91.50:50358] script 'C:/htdocs/homehelpers.pro/1337.php' not found or unable to stat
[Fri Jul 29 14:09:56.428061 2022] [php7:error] [pid 5880:tid 1228] [client 20.120.91.50:50358] script 'C:/htdocs/homehelpers.pro/1index.php' not found or unable to stat
[Fri Jul 29 14:10:00.583200 2022] [php7:error] [pid 5880:tid 1228] [client 20.120.91.50:50358] script 'C:/htdocs/homehelpers.pro/1xleet.php' not found or unable to stat
[Fri Jul 29 14:10:03.207498 2022] [php7:error] [pid 5880:tid 1228] [client 20.120.91.50:50358] script 'C:/htdocs/homehelpers.pro/2.php' not found or unable to stat
[Fri Jul 29 14:10:04.457759 2022] [php7:error] [pid 5880:tid 1228] [client 20.120.91.50:50358] script 'C:/htdocs/homehelpers.pro/2index.php' not found or unable to stat
[Fri Jul 29 14:10:06.536867 2022] [php7:error] [pid 5880:tid 1228] [client 20.120.91.50:50358] script 'C:/htdocs/homehelpers.pro/3.php' not found or unable to stat
[Fri Jul 29 14:10:09.176576 2022] [php7:error] [pid 5880:tid 1228] [client 20.120.91.50:50358] script 'C:/htdocs/homehelpers.pro/3index.php' not found or unable to stat
[Fri Jul 29 14:10:11.879236 2022] [php7:error] [pid 5880:tid 1228] [client 20.120.91.50:50358] script 'C:/htdocs/homehelpers.pro/4.php' not found or unable to stat
[Fri Jul 29 14:10:13.925308 2022] [php7:error] [pid 5880:tid 1228] [client 20.120.91.50:50358] script 'C:/htdocs/homehelpers.pro/403.php' not found or unable to stat
[Fri Jul 29 14:10:15.315831 2022] [php7:error] [pid 5880:tid 1228] [client 20.120.91.50:50358] script 'C:/htdocs/homehelpers.pro/404.php' not found or unable to stat
[Fri Jul 29 14:10:20.595371 2022] [php7:error] [pid 5880:tid 1228] [client 20.120.91.50:63920] script 'C:/htdocs/homehelpers.pro/4index.php' not found or unable to stat
[Fri Jul 29 14:10:23.766955 2022] [php7:error] [pid 5880:tid 1228] [client 20.120.91.50:63920] script 'C:/htdocs/homehelpers.pro/5.php' not found or unable to stat
[Fri Jul 29 14:10:25.688078 2022] [php7:error] [pid 5880:tid 1228] [client 20.120.91.50:63920] script 'C:/htdocs/homehelpers.pro/5index.php' not found or unable to stat
[Fri Jul 29 14:10:28.392244 2022] [php7:error] [pid 5880:tid 1228] [client 20.120.91.50:63920] script 'C:/htdocs/homehelpers.pro/6index.php' not found or unable to stat
[Fri Jul 29 14:10:30.016810 2022] [php7:error] [pid 5880:tid 1228] [client 20.120.91.50:63920] script 'C:/htdocs/homehelpers.pro/7.php' not found or unable to stat
[Fri Jul 29 14:10:31.266677 2022] [php7:error] [pid 5880:tid 1228] [client 20.120.91.50:63920] script 'C:/htdocs/homehelpers.pro/777.php' not found or unable to stat
[Fri Jul 29 14:10:33.391152 2022] [php7:error] [pid 5880:tid 1228] [client 20.120.91.50:63920] script 'C:/htdocs/homehelpers.pro/7index.php' not found or unable to stat
[Fri Jul 29 14:10:40.702273 2022] [php7:error] [pid 5880:tid 1228] [client 20.120.91.50:57930] script 'C:/htdocs/homehelpers.pro/8index.php' not found or unable to stat
[Fri Jul 29 14:10:42.670693 2022] [php7:error] [pid 5880:tid 1228] [client 20.120.91.50:57930] script 'C:/htdocs/homehelpers.pro/9.php' not found or unable to stat
[Fri Jul 29 14:10:44.748051 2022] [php7:error] [pid 5880:tid 1228] [client 20.120.91.50:57930] script 'C:/htdocs/homehelpers.pro/9index.php' not found or unable to stat
[Fri Jul 29 14:10:47.622256 2022] [php7:error] [pid 5880:tid 1228] [client 20.120.91.50:57930] script 'C:/htdocs/homehelpers.pro/FoxWSO.php' not found or unable to stat
[Fri Jul 29 14:10:50.090344 2022] [php7:error] [pid 5880:tid 1228] [client 20.120.91.50:57930] script 'C:/htdocs/homehelpers.pro/Leaf.php' not found or unable to stat
[Fri Jul 29 14:10:53.073923 2022] [php7:error] [pid 5880:tid 1228] [client 20.120.91.50:57930] script 'C:/htdocs/homehelpers.pro/Uploader.php' not found or unable to stat
[Fri Jul 29 14:10:54.854774 2022] [php7:error] [pid 5880:tid 1228] [client 20.120.91.50:57930] script 'C:/htdocs/homehelpers.pro/V5.php' not found or unable to stat
[Fri Jul 29 14:10:59.385138 2022] [php7:error] [pid 5880:tid 1228] [client 20.120.91.50:57930] script 'C:/htdocs/homehelpers.pro/WSO.php' not found or unable to stat
[Fri Jul 29 14:11:00.259905 2022] [php7:error] [pid 5880:tid 1228] [client 20.120.91.50:57930] script 'C:/htdocs/homehelpers.pro/a.php' not found or unable to stat
[Fri Jul 29 14:11:03.980137 2022] [php7:error] [pid 5880:tid 1228] [client 20.120.91.50:57930] script 'C:/htdocs/homehelpers.pro/about.php' not found or unable to stat
[Fri Jul 29 14:11:08.012788 2022] [php7:error] [pid 5880:tid 1228] [client 20.120.91.50:57930] script 'C:/htdocs/homehelpers.pro/alex.php' not found or unable to stat
[Fri Jul 29 14:11:11.183607 2022] [php7:error] [pid 5880:tid 1228] [client 20.120.91.50:57930] script 'C:/htdocs/homehelpers.pro/alexus.php' not found or unable to stat
[Fri Jul 29 14:11:12.402033 2022] [php7:error] [pid 5880:tid 1228] [client 20.120.91.50:57930] script 'C:/htdocs/homehelpers.pro/alf.php' not found or unable to stat
[Fri Jul 29 14:11:15.088786 2022] [php7:error] [pid 5880:tid 1228] [client 20.120.91.50:57930] script 'C:/htdocs/homehelpers.pro/alfa.php' not found or unable to stat
[Fri Jul 29 14:11:19.060337 2022] [php7:error] [pid 5880:tid 1228] [client 20.120.91.50:57930] script 'C:/htdocs/homehelpers.pro/alfashell.php' not found or unable to stat
[Fri Jul 29 14:11:19.825729 2022] [php7:error] [pid 5880:tid 1228] [client 20.120.91.50:57930] script 'C:/htdocs/homehelpers.pro/alwso.php' not found or unable to stat
[Fri Jul 29 14:11:21.044154 2022] [php7:error] [pid 5880:tid 1228] [client 20.120.91.50:57930] script 'C:/htdocs/homehelpers.pro/am.php' not found or unable to stat
[Fri Jul 29 14:11:23.793660 2022] [php7:error] [pid 5880:tid 1228] [client 20.120.91.50:57930] script 'C:/htdocs/homehelpers.pro/autoload_classmap.php' not found or unable to stat
[Fri Jul 29 14:11:26.609105 2022] [php7:error] [pid 5880:tid 1228] [client 20.120.91.50:57930] script 'C:/htdocs/homehelpers.pro/b.php' not found or unable to stat
[Fri Jul 29 14:11:27.827482 2022] [php7:error] [pid 5880:tid 1228] [client 20.120.91.50:57930] script 'C:/htdocs/homehelpers.pro/baindex.php' not found or unable to stat
[Fri Jul 29 14:11:33.110551 2022] [php7:error] [pid 5880:tid 1228] [client 20.120.91.50:59019] script 'C:/htdocs/homehelpers.pro/bb.php' not found or unable to stat
[Fri Jul 29 14:11:34.842474 2022] [php7:error] [pid 5880:tid 1228] [client 20.120.91.50:59019] script 'C:/htdocs/homehelpers.pro/blog.php' not found or unable to stat
[Fri Jul 29 14:11:42.035054 2022] [php7:error] [pid 5880:tid 1228] [client 20.120.91.50:59019] script 'C:/htdocs/homehelpers.pro/bypass.php' not found or unable to stat
[Fri Jul 29 14:11:46.426346 2022] [php7:error] [pid 5880:tid 1228] [client 20.120.91.50:59019] script 'C:/htdocs/homehelpers.pro/c.php' not found or unable to stat
[Fri Jul 29 14:11:48.005305 2022] [php7:error] [pid 5880:tid 1228] [client 20.120.91.50:59019] script 'C:/htdocs/homehelpers.pro/c99.php' not found or unable to stat
[Fri Jul 29 14:11:52.131407 2022] [php7:error] [pid 5880:tid 1228] [client 20.120.91.50:59019] script 'C:/htdocs/homehelpers.pro/contacts.php' not found or unable to stat
[Fri Jul 29 14:11:54.833785 2022] [php7:error] [pid 5880:tid 1228] [client 20.120.91.50:59019] script 'C:/htdocs/homehelpers.pro/content.php' not found or unable to stat
[Fri Jul 29 14:11:58.241237 2022] [php7:error] [pid 5880:tid 1228] [client 20.120.91.50:59019] script 'C:/htdocs/homehelpers.pro/d.php' not found or unable to stat
[Fri Jul 29 14:12:01.021745 2022] [php7:error] [pid 5880:tid 1228] [client 20.120.91.50:59019] script 'C:/htdocs/homehelpers.pro/data.php' not found or unable to stat
[Fri Jul 29 14:12:01.818647 2022] [php7:error] [pid 5880:tid 1228] [client 20.120.91.50:59019] script 'C:/htdocs/homehelpers.pro/defau1t.php' not found or unable to stat
[Fri Jul 29 14:12:07.302545 2022] [php7:error] [pid 5880:tid 1228] [client 20.120.91.50:59019] script 'C:/htdocs/homehelpers.pro/doc.php' not found or unable to stat
[Fri Jul 29 14:12:08.458278 2022] [php7:error] [pid 5880:tid 1228] [client 20.120.91.50:59019] script 'C:/htdocs/homehelpers.pro/e.php' not found or unable to stat
[Fri Jul 29 14:12:09.442599 2022] [php7:error] [pid 5880:tid 1228] [client 20.120.91.50:59019] script 'C:/htdocs/homehelpers.pro/edit-form.php' not found or unable to stat
[Fri Jul 29 14:12:12.239828 2022] [php7:error] [pid 5880:tid 1228] [client 20.120.91.50:59019] script 'C:/htdocs/homehelpers.pro/f.php' not found or unable to stat
[Fri Jul 29 14:12:14.192432 2022] [php7:error] [pid 5880:tid 1228] [client 20.120.91.50:59019] script 'C:/htdocs/homehelpers.pro/fox.php' not found or unable to stat
[Fri Jul 29 14:12:16.488695 2022] [php7:error] [pid 5880:tid 1228] [client 20.120.91.50:59019] script 'C:/htdocs/homehelpers.pro/fw.php' not found or unable to stat
[Fri Jul 29 14:12:19.175479 2022] [php7:error] [pid 5880:tid 1228] [client 20.120.91.50:59019] script 'C:/htdocs/homehelpers.pro/fx.php' not found or unable to stat
[Fri Jul 29 14:12:21.518770 2022] [php7:error] [pid 5880:tid 1228] [client 20.120.91.50:59019] script 'C:/htdocs/homehelpers.pro/g.php' not found or unable to stat
[Fri Jul 29 14:12:26.423995 2022] [php7:error] [pid 5880:tid 1228] [client 20.120.91.50:59019] script 'C:/htdocs/homehelpers.pro/gel4y.php' not found or unable to stat
[Fri Jul 29 14:12:31.016300 2022] [php7:error] [pid 5880:tid 1228] [client 20.120.91.50:59019] script 'C:/htdocs/homehelpers.pro/gif.php' not found or unable to stat
[Fri Jul 29 14:12:34.249823 2022] [php7:error] [pid 5880:tid 1228] [client 20.120.91.50:59019] script 'C:/htdocs/homehelpers.pro/goods.php' not found or unable to stat
[Fri Jul 29 14:12:36.874100 2022] [php7:error] [pid 5880:tid 1228] [client 20.120.91.50:59019] script 'C:/htdocs/homehelpers.pro/h.php' not found or unable to stat
[Fri Jul 29 14:12:41.624381 2022] [php7:error] [pid 5880:tid 1228] [client 20.120.91.50:59019] script 'C:/htdocs/homehelpers.pro/haxor.php' not found or unable to stat
[Fri Jul 29 14:12:44.404890 2022] [php7:error] [pid 5880:tid 1228] [client 20.120.91.50:59019] script 'C:/htdocs/homehelpers.pro/hello.php' not found or unable to stat
[Fri Jul 29 14:12:47.560321 2022] [php7:error] [pid 5880:tid 1228] [client 20.120.91.50:59019] script 'C:/htdocs/homehelpers.pro/i.php' not found or unable to stat
[Fri Jul 29 14:12:54.090223 2022] [php7:error] [pid 5880:tid 1228] [client 20.120.91.50:59019] script 'C:/htdocs/homehelpers.pro/jindex.php' not found or unable to stat
[Fri Jul 29 14:13:00.231561 2022] [php7:error] [pid 5880:tid 1228] [client 20.120.91.50:53309] script 'C:/htdocs/homehelpers.pro/k.php' not found or unable to stat
[Fri Jul 29 14:13:01.481265 2022] [php7:error] [pid 5880:tid 1228] [client 20.120.91.50:53309] script 'C:/htdocs/homehelpers.pro/kk.php' not found or unable to stat
[Fri Jul 29 14:13:03.574350 2022] [php7:error] [pid 5880:tid 1228] [client 20.120.91.50:53309] script 'C:/htdocs/homehelpers.pro/l.php' not found or unable to stat
[Fri Jul 29 14:13:04.747171 2022] [php7:error] [pid 5880:tid 1228] [client 20.120.91.50:53309] script 'C:/htdocs/homehelpers.pro/lab.php' not found or unable to stat
[Fri Jul 29 14:13:06.435633 2022] [php7:error] [pid 5880:tid 1228] [client 20.120.91.50:53309] script 'C:/htdocs/homehelpers.pro/leaf.php' not found or unable to stat
[Fri Jul 29 14:13:09.003273 2022] [php7:error] [pid 5880:tid 1228] [client 20.120.91.50:53309] script 'C:/htdocs/homehelpers.pro/leaf_mailer.php' not found or unable to stat
[Fri Jul 29 14:13:10.424766 2022] [php7:error] [pid 5880:tid 1228] [client 20.120.91.50:53309] script 'C:/htdocs/homehelpers.pro/leaf_php.php' not found or unable to stat
[Fri Jul 29 14:13:14.873585 2022] [php7:error] [pid 5880:tid 1228] [client 20.120.91.50:53309] script 'C:/htdocs/homehelpers.pro/leafmailer.php' not found or unable to stat
[Fri Jul 29 14:13:16.343638 2022] [php7:error] [pid 5880:tid 1228] [client 20.120.91.50:53309] script 'C:/htdocs/homehelpers.pro/leafmailer2.8.php' not found or unable to stat
