[Fri Jul 29 14:13:17.867213 2022] [php7:error] [pid 5880:tid 1228] [client 20.120.91.50:53309] script 'C:/htdocs/homehelpers.pro/lf.php' not found or unable to stat
[Fri Jul 29 14:13:20.710209 2022] [php7:error] [pid 5880:tid 1228] [client 20.120.91.50:53309] script 'C:/htdocs/homehelpers.pro/m.php' not found or unable to stat
[Fri Jul 29 14:13:26.538646 2022] [php7:error] [pid 5880:tid 1228] [client 20.120.91.50:53428] script 'C:/htdocs/homehelpers.pro/mailer.php' not found or unable to stat
[Fri Jul 29 14:13:28.131972 2022] [php7:error] [pid 5880:tid 1228] [client 20.120.91.50:53428] script 'C:/htdocs/homehelpers.pro/mailer1.php' not found or unable to stat
[Fri Jul 29 14:13:30.819911 2022] [php7:error] [pid 5880:tid 1228] [client 20.120.91.50:53428] script 'C:/htdocs/homehelpers.pro/mar.php' not found or unable to stat
[Fri Jul 29 14:13:34.576350 2022] [php7:error] [pid 5880:tid 1228] [client 20.120.91.50:53428] script 'C:/htdocs/homehelpers.pro/mari.php' not found or unable to stat
[Fri Jul 29 14:13:36.450855 2022] [php7:error] [pid 5880:tid 1228] [client 20.120.91.50:53428] script 'C:/htdocs/homehelpers.pro/marijuana.php' not found or unable to stat
[Fri Jul 29 14:13:36.857000 2022] [php7:error] [pid 5880:tid 1228] [client 20.120.91.50:53428] script 'C:/htdocs/homehelpers.pro/media-admin.php' not found or unable to stat
[Fri Jul 29 14:13:41.059001 2022] [php7:error] [pid 5880:tid 1228] [client 20.120.91.50:53428] script 'C:/htdocs/homehelpers.pro/mini.php' not found or unable to stat
[Fri Jul 29 14:13:45.979994 2022] [php7:error] [pid 5880:tid 1228] [client 20.120.91.50:53428] script 'C:/htdocs/homehelpers.pro/minimo.php' not found or unable to stat
[Fri Jul 29 14:13:48.354120 2022] [php7:error] [pid 5880:tid 1228] [client 20.120.91.50:53428] script 'C:/htdocs/homehelpers.pro/ms.php' not found or unable to stat
[Fri Jul 29 14:13:51.009690 2022] [php7:error] [pid 5880:tid 1228] [client 20.120.91.50:53428] script 'C:/htdocs/homehelpers.pro/n.php' not found or unable to stat
[Fri Jul 29 14:13:53.337410 2022] [php7:error] [pid 5880:tid 1228] [client 20.120.91.50:53428] script 'C:/htdocs/homehelpers.pro/new-index.php' not found or unable to stat
[Fri Jul 29 14:13:54.711800 2022] [php7:error] [pid 5880:tid 1228] [client 20.120.91.50:53428] script 'C:/htdocs/homehelpers.pro/new.php' not found or unable to stat
[Fri Jul 29 14:13:55.477249 2022] [php7:error] [pid 5880:tid 1228] [client 20.120.91.50:53428] script 'C:/htdocs/homehelpers.pro/o.php' not found or unable to stat
[Fri Jul 29 14:13:58.617037 2022] [php7:error] [pid 5880:tid 1228] [client 20.120.91.50:53428] script 'C:/htdocs/homehelpers.pro/ok.php' not found or unable to stat
[Fri Jul 29 14:13:59.819812 2022] [php7:error] [pid 5880:tid 1228] [client 20.120.91.50:53428] script 'C:/htdocs/homehelpers.pro/old-index.php' not found or unable to stat
[Fri Jul 29 14:14:03.256407 2022] [php7:error] [pid 5880:tid 1228] [client 20.120.91.50:53428] script 'C:/htdocs/homehelpers.pro/p.php' not found or unable to stat
[Fri Jul 29 14:14:04.428247 2022] [php7:error] [pid 5880:tid 1228] [client 20.120.91.50:53428] script 'C:/htdocs/homehelpers.pro/priv8.php' not found or unable to stat
[Fri Jul 29 14:14:06.677602 2022] [php7:error] [pid 5880:tid 1228] [client 20.120.91.50:53428] script 'C:/htdocs/homehelpers.pro/q.php' not found or unable to stat
[Fri Jul 29 14:14:08.979260 2022] [php7:error] [pid 5880:tid 1228] [client 20.120.91.50:53428] script 'C:/htdocs/homehelpers.pro/qindex.php' not found or unable to stat
[Fri Jul 29 14:14:10.953520 2022] [php7:error] [pid 5880:tid 1228] [client 20.120.91.50:53428] script 'C:/htdocs/homehelpers.pro/r.php' not found or unable to stat
[Fri Jul 29 14:14:15.140191 2022] [php7:error] [pid 5880:tid 1228] [client 20.120.91.50:53428] script 'C:/htdocs/homehelpers.pro/radio.php' not found or unable to stat
[Fri Jul 29 14:14:15.921187 2022] [php7:error] [pid 5880:tid 1228] [client 20.120.91.50:53428] script 'C:/htdocs/homehelpers.pro/root.php' not found or unable to stat
[Fri Jul 29 14:14:19.826183 2022] [php7:error] [pid 5880:tid 1228] [client 20.120.91.50:53428] script 'C:/htdocs/homehelpers.pro/rss.php' not found or unable to stat
[Fri Jul 29 14:14:23.844169 2022] [php7:error] [pid 5880:tid 1228] [client 20.120.91.50:53428] script 'C:/htdocs/homehelpers.pro/s.php' not found or unable to stat
[Fri Jul 29 14:14:26.671750 2022] [php7:error] [pid 5880:tid 1228] [client 20.120.91.50:53428] script 'C:/htdocs/homehelpers.pro/send.php' not found or unable to stat
[Fri Jul 29 14:14:29.346970 2022] [php7:error] [pid 5880:tid 1228] [client 20.120.91.50:53428] script 'C:/htdocs/homehelpers.pro/sendmail.php' not found or unable to stat
[Fri Jul 29 14:14:31.565668 2022] [php7:error] [pid 5880:tid 1228] [client 20.120.91.50:53428] script 'C:/htdocs/homehelpers.pro/server.php' not found or unable to stat
[Fri Jul 29 14:14:33.252806 2022] [php7:error] [pid 5880:tid 1228] [client 20.120.91.50:53428] script 'C:/htdocs/homehelpers.pro/sh.php' not found or unable to stat
[Fri Jul 29 14:14:34.377586 2022] [php7:error] [pid 5880:tid 1228] [client 20.120.91.50:53428] script 'C:/htdocs/homehelpers.pro/shell.php' not found or unable to stat
[Fri Jul 29 14:14:38.267172 2022] [php7:error] [pid 5880:tid 1228] [client 20.120.91.50:53428] script 'C:/htdocs/homehelpers.pro/shx.php' not found or unable to stat
[Fri Jul 29 14:14:42.406616 2022] [php7:error] [pid 5880:tid 1228] [client 20.120.91.50:53428] script 'C:/htdocs/homehelpers.pro/sindex.php' not found or unable to stat
[Fri Jul 29 14:14:46.202955 2022] [php7:error] [pid 5880:tid 1228] [client 20.120.91.50:53428] script 'C:/htdocs/homehelpers.pro/small.php' not found or unable to stat
[Fri Jul 29 14:14:46.624719 2022] [php7:error] [pid 5880:tid 1228] [client 20.120.91.50:53428] script 'C:/htdocs/homehelpers.pro/srx.php' not found or unable to stat
[Fri Jul 29 14:14:53.131271 2022] [php7:error] [pid 5880:tid 1228] [client 20.120.91.50:63176] script 'C:/htdocs/homehelpers.pro/stindex.php' not found or unable to stat
[Fri Jul 29 14:15:00.132956 2022] [php7:error] [pid 5880:tid 1228] [client 20.120.91.50:55403] script 'C:/htdocs/homehelpers.pro/swm.php' not found or unable to stat
[Fri Jul 29 14:15:02.277841 2022] [php7:error] [pid 5880:tid 1228] [client 20.120.91.50:55403] script 'C:/htdocs/homehelpers.pro/sym403.php' not found or unable to stat
[Fri Jul 29 14:15:03.730712 2022] [php7:error] [pid 5880:tid 1228] [client 20.120.91.50:55403] script 'C:/htdocs/homehelpers.pro/t.php' not found or unable to stat
[Fri Jul 29 14:15:07.388942 2022] [php7:error] [pid 5880:tid 1228] [client 20.120.91.50:55403] script 'C:/htdocs/homehelpers.pro/tuco.php' not found or unable to stat
[Fri Jul 29 14:15:11.653751 2022] [php7:error] [pid 5880:tid 1228] [client 20.120.91.50:55403] script 'C:/htdocs/homehelpers.pro/u.php' not found or unable to stat
[Fri Jul 29 14:15:13.611075 2022] [php7:error] [pid 5880:tid 1228] [client 20.120.91.50:55403] script 'C:/htdocs/homehelpers.pro/unix.php' not found or unable to stat
[Fri Jul 29 14:15:15.956237 2022] [php7:error] [pid 5880:tid 1228] [client 20.120.91.50:55403] script 'C:/htdocs/homehelpers.pro/up.php' not found or unable to stat
[Fri Jul 29 14:15:20.267626 2022] [php7:error] [pid 5880:tid 1228] [client 20.120.91.50:55403] script 'C:/htdocs/homehelpers.pro/upload.php' not found or unable to stat
[Fri Jul 29 14:15:21.783050 2022] [php7:error] [pid 5880:tid 1228] [client 20.120.91.50:55403] script 'C:/htdocs/homehelpers.pro/uploader.php' not found or unable to stat
[Fri Jul 29 14:15:27.497806 2022] [php7:error] [pid 5880:tid 1228] [client 20.120.91.50:55403] script 'C:/htdocs/homehelpers.pro/ups.php' not found or unable to stat
[Fri Jul 29 14:15:30.793589 2022] [php7:error] [pid 5880:tid 1228] [client 20.120.91.50:55403] script 'C:/htdocs/homehelpers.pro/v.php' not found or unable to stat
[Fri Jul 29 14:15:33.074563 2022] [php7:error] [pid 5880:tid 1228] [client 20.120.91.50:55403] script 'C:/htdocs/homehelpers.pro/vuln.php' not found or unable to stat
[Fri Jul 29 14:15:36.495737 2022] [php7:error] [pid 5880:tid 1228] [client 20.120.91.50:55403] script 'C:/htdocs/homehelpers.pro/w.php' not found or unable to stat
[Fri Jul 29 14:15:38.042201 2022] [php7:error] [pid 5880:tid 1228] [client 20.120.91.50:55403] script 'C:/htdocs/homehelpers.pro/w3llstore.php' not found or unable to stat
[Fri Jul 29 14:15:41.853620 2022] [php7:error] [pid 5880:tid 1228] [client 20.120.91.50:55403] script 'C:/htdocs/homehelpers.pro/wikindex.php' not found or unable to stat
[Fri Jul 29 14:15:43.835806 2022] [php7:error] [pid 5880:tid 1228] [client 20.120.91.50:55403] script 'C:/htdocs/homehelpers.pro/wp-admin.php' not found or unable to stat
[Fri Jul 29 14:16:15.022455 2022] [php7:error] [pid 5880:tid 1228] [client 20.120.91.50:55403] script 'C:/htdocs/homehelpers.pro/wp-blog.php' not found or unable to stat
[Fri Jul 29 14:16:16.147156 2022] [php7:error] [pid 5880:tid 1228] [client 20.120.91.50:55403] script 'C:/htdocs/homehelpers.pro/wp-class.php' not found or unable to stat
[Fri Jul 29 14:16:20.427265 2022] [php7:error] [pid 5880:tid 1228] [client 20.120.91.50:55403] script 'C:/htdocs/homehelpers.pro/wp-content/about.php' not found or unable to stat
[Fri Jul 29 14:16:21.598844 2022] [php7:error] [pid 5880:tid 1228] [client 20.120.91.50:55403] script 'C:/htdocs/homehelpers.pro/wp-content/fw.php' not found or unable to stat
[Fri Jul 29 14:16:25.286736 2022] [php7:error] [pid 5880:tid 1228] [client 20.120.91.50:55403] script 'C:/htdocs/homehelpers.pro/wp-content/wp.php' not found or unable to stat
[Fri Jul 29 14:16:27.223748 2022] [php7:error] [pid 5880:tid 1228] [client 20.120.91.50:55403] script 'C:/htdocs/homehelpers.pro/wp-content/x.php' not found or unable to stat
[Fri Jul 29 14:16:32.037472 2022] [php7:error] [pid 5880:tid 1228] [client 20.120.91.50:55403] script 'C:/htdocs/homehelpers.pro/wp-file.php' not found or unable to stat
[Fri Jul 29 14:16:37.505156 2022] [php7:error] [pid 5880:tid 1228] [client 20.120.91.50:55403] script 'C:/htdocs/homehelpers.pro/wp-info.php' not found or unable to stat
[Fri Jul 29 14:16:41.660572 2022] [php7:error] [pid 5880:tid 1228] [client 20.120.91.50:55403] script 'C:/htdocs/homehelpers.pro/wp-mna.php' not found or unable to stat
[Fri Jul 29 14:16:42.128984 2022] [php7:error] [pid 5880:tid 1228] [client 20.120.91.50:55403] script 'C:/htdocs/homehelpers.pro/wp-uploads.php' not found or unable to stat
[Fri Jul 29 14:16:44.034986 2022] [php7:error] [pid 5880:tid 1228] [client 20.120.91.50:55403] script 'C:/htdocs/homehelpers.pro/wp.php' not found or unable to stat
[Fri Jul 29 14:16:45.971706 2022] [php7:error] [pid 5880:tid 1228] [client 20.120.91.50:55403] script 'C:/htdocs/homehelpers.pro/wp2.php' not found or unable to stat
[Fri Jul 29 14:16:52.040928 2022] [php7:error] [pid 5880:tid 1156] [client 20.120.91.50:60579] script 'C:/htdocs/homehelpers.pro/wp_wrong_datlib.php' not found or unable to stat
[Fri Jul 29 14:16:54.477840 2022] [php7:error] [pid 5880:tid 1156] [client 20.120.91.50:60579] script 'C:/htdocs/homehelpers.pro/wpx.php' not found or unable to stat
[Fri Jul 29 14:16:57.008326 2022] [php7:error] [pid 5880:tid 1156] [client 20.120.91.50:60579] script 'C:/htdocs/homehelpers.pro/ws.php' not found or unable to stat
[Fri Jul 29 14:17:01.038656 2022] [php7:error] [pid 5880:tid 1156] [client 20.120.91.50:60579] script 'C:/htdocs/homehelpers.pro/wso.php' not found or unable to stat
[Fri Jul 29 14:17:02.569493 2022] [php7:error] [pid 5880:tid 1156] [client 20.120.91.50:60579] script 'C:/htdocs/homehelpers.pro/wso1.php' not found or unable to stat
[Fri Jul 29 14:17:04.162954 2022] [php7:error] [pid 5880:tid 1156] [client 20.120.91.50:60579] script 'C:/htdocs/homehelpers.pro/www.php' not found or unable to stat
[Fri Jul 29 14:17:07.755619 2022] [php7:error] [pid 5880:tid 1156] [client 20.120.91.50:60579] script 'C:/htdocs/homehelpers.pro/x.php' not found or unable to stat
[Fri Jul 29 14:17:11.442732 2022] [php7:error] [pid 5880:tid 1156] [client 20.120.91.50:60579] script 'C:/htdocs/homehelpers.pro/xindex.php' not found or unable to stat
[Fri Jul 29 14:17:14.927100 2022] [php7:error] [pid 5880:tid 1156] [client 20.120.91.50:60579] script 'C:/htdocs/homehelpers.pro/xl.php' not found or unable to stat
[Fri Jul 29 14:17:16.130082 2022] [php7:error] [pid 5880:tid 1156] [client 20.120.91.50:60579] script 'C:/htdocs/homehelpers.pro/xleet.php' not found or unable to stat
[Fri Jul 29 14:17:17.692196 2022] [php7:error] [pid 5880:tid 1156] [client 20.120.91.50:60579] script 'C:/htdocs/homehelpers.pro/xmlrpc.php' not found or unable to stat
[Fri Jul 29 14:17:20.066534 2022] [php7:error] [pid 5880:tid 1156] [client 20.120.91.50:60579] script 'C:/htdocs/homehelpers.pro/xmrlpc.php' not found or unable to stat
[Fri Jul 29 14:17:20.910059 2022] [php7:error] [pid 5880:tid 1156] [client 20.120.91.50:60579] script 'C:/htdocs/homehelpers.pro/xx.php' not found or unable to stat
[Fri Jul 29 14:17:23.409395 2022] [php7:error] [pid 5880:tid 1156] [client 20.120.91.50:60579] script 'C:/htdocs/homehelpers.pro/xxx.php' not found or unable to stat
[Fri Jul 29 14:17:24.252921 2022] [php7:error] [pid 5880:tid 1156] [client 20.120.91.50:60579] script 'C:/htdocs/homehelpers.pro/xz.php' not found or unable to stat
[Fri Jul 29 14:17:25.736899 2022] [php7:error] [pid 5880:tid 1156] [client 20.120.91.50:60579] script 'C:/htdocs/homehelpers.pro/y.php' not found or unable to stat
[Fri Jul 29 14:17:28.002161 2022] [php7:error] [pid 5880:tid 1156] [client 20.120.91.50:60579] script 'C:/htdocs/homehelpers.pro/yuuki.php' not found or unable to stat
[Fri Jul 29 14:17:28.798872 2022] [php7:error] [pid 5880:tid 1156] [client 20.120.91.50:60579] script 'C:/htdocs/homehelpers.pro/z.php' not found or unable to stat
[Fri Jul 29 14:35:08.933273 2022] [php7:error] [pid 5880:tid 1228] [client 64.42.179.35:34580] script 'C:/htdocs/homehelpers.pro/xmlrpc.php' not found or unable to stat
[Fri Jul 29 15:42:28.157275 2022] [php7:error] [pid 5880:tid 1296] [client 103.1.236.11:37144] script 'C:/htdocs/homehelpers.pro/xmlrpc.php' not found or unable to stat
[Fri Jul 29 15:42:28.157275 2022] [php7:error] [pid 5880:tid 1304] [client 103.1.236.11:37148] script 'C:/htdocs/homehelpers.pro/xmlrpc.php' not found or unable to stat
[Fri Jul 29 15:43:11.385826 2022] [php7:error] [pid 5880:tid 1304] [client 50.62.176.61:45545] script 'C:/htdocs/homehelpers.pro/xmlrpc.php' not found or unable to stat
[Fri Jul 29 15:43:11.417068 2022] [php7:error] [pid 5880:tid 1288] [client 50.62.176.61:45551] script 'C:/htdocs/homehelpers.pro/xmlrpc.php' not found or unable to stat
[Fri Jul 29 15:43:51.080714 2022] [php7:error] [pid 5880:tid 1180] [client 203.129.218.76:57722] script 'C:/htdocs/homehelpers.pro/xmlrpc.php' not found or unable to stat
[Fri Jul 29 15:43:51.205445 2022] [php7:error] [pid 5880:tid 1228] [client 203.129.218.76:57723] script 'C:/htdocs/homehelpers.pro/xmlrpc.php' not found or unable to stat
[Fri Jul 29 15:44:00.296775 2022] [php7:error] [pid 5880:tid 1228] [client 178.159.242.97:9972] script 'C:/htdocs/homehelpers.pro/xmlrpc.php' not found or unable to stat
[Fri Jul 29 15:44:27.119579 2022] [php7:error] [pid 5880:tid 1312] [client 104.131.56.182:42480] script 'C:/htdocs/homehelpers.pro/xmlrpc.php' not found or unable to stat
[Fri Jul 29 15:44:27.119579 2022] [php7:error] [pid 5880:tid 1296] [client 104.131.56.182:42478] script 'C:/htdocs/homehelpers.pro/xmlrpc.php' not found or unable to stat
[Fri Jul 29 15:45:41.494968 2022] [php7:error] [pid 5880:tid 1156] [client 50.62.177.189:64568] script 'C:/htdocs/homehelpers.pro/xmlrpc.php' not found or unable to stat
[Fri Jul 29 15:45:41.526208 2022] [php7:error] [pid 5880:tid 1260] [client 50.62.177.189:64566] script 'C:/htdocs/homehelpers.pro/xmlrpc.php' not found or unable to stat
[Fri Jul 29 15:46:39.543844 2022] [php7:error] [pid 5880:tid 1296] [client 114.108.148.220:47203] script 'C:/htdocs/homehelpers.pro/xmlrpc.php' not found or unable to stat
[Fri Jul 29 15:46:53.586874 2022] [php7:error] [pid 5880:tid 1276] [client 212.154.7.2:54986] script 'C:/htdocs/homehelpers.pro/xmlrpc.php' not found or unable to stat
[Fri Jul 29 15:47:04.449724 2022] [php7:error] [pid 5880:tid 1236] [client 114.203.87.179:35780] script 'C:/htdocs/homehelpers.pro/xmlrpc.php' not found or unable to stat
[Fri Jul 29 15:47:12.603499 2022] [php7:error] [pid 5880:tid 1276] [client 184.168.97.94:38303] script 'C:/htdocs/homehelpers.pro/xmlrpc.php' not found or unable to stat
[Fri Jul 29 15:47:12.619116 2022] [php7:error] [pid 5880:tid 1288] [client 184.168.97.94:38305] script 'C:/htdocs/homehelpers.pro/xmlrpc.php' not found or unable to stat
[Fri Jul 29 15:47:17.274085 2022] [php7:error] [pid 5880:tid 1156] [client 43.240.113.88:51514] script 'C:/htdocs/homehelpers.pro/xmlrpc.php' not found or unable to stat
[Fri Jul 29 15:47:17.289706 2022] [php7:error] [pid 5880:tid 1260] [client 43.240.113.88:51516] script 'C:/htdocs/homehelpers.pro/xmlrpc.php' not found or unable to stat
[Fri Jul 29 15:47:45.302790 2022] [php7:error] [pid 5880:tid 1180] [client 91.134.248.253:52512] script 'C:/htdocs/homehelpers.pro/xmlrpc.php' not found or unable to stat
[Fri Jul 29 15:47:45.334033 2022] [php7:error] [pid 5880:tid 1288] [client 51.68.11.199:46116] script 'C:/htdocs/homehelpers.pro/xmlrpc.php' not found or unable to stat
[Fri Jul 29 15:47:45.334033 2022] [php7:error] [pid 5880:tid 1236] [client 91.134.248.253:52510] script 'C:/htdocs/homehelpers.pro/xmlrpc.php' not found or unable to stat
[Fri Jul 29 15:48:10.721648 2022] [php7:error] [pid 5880:tid 1228] [client 87.229.98.173:50382] script 'C:/htdocs/homehelpers.pro/xmlrpc.php' not found or unable to stat
[Fri Jul 29 15:48:10.721648 2022] [php7:error] [pid 5880:tid 1260] [client 87.229.98.173:50383] script 'C:/htdocs/homehelpers.pro/xmlrpc.php' not found or unable to stat
[Fri Jul 29 15:48:36.403612 2022] [php7:error] [pid 5880:tid 1304] [client 200.58.112.116:39382] script 'C:/htdocs/homehelpers.pro/xmlrpc.php' not found or unable to stat
[Fri Jul 29 15:48:36.434855 2022] [php7:error] [pid 5880:tid 1168] [client 200.58.112.116:39384] script 'C:/htdocs/homehelpers.pro/xmlrpc.php' not found or unable to stat
[Fri Jul 29 15:48:55.117274 2022] [php7:error] [pid 5880:tid 1168] [client 51.68.11.215:48946] script 'C:/htdocs/homehelpers.pro/xmlrpc.php' not found or unable to stat
[Fri Jul 29 15:48:56.195316 2022] [php7:error] [pid 5880:tid 1156] [client 186.33.235.81:14755] script 'C:/htdocs/homehelpers.pro/xmlrpc.php' not found or unable to stat
[Fri Jul 29 16:04:56.383149 2022] [php7:error] [pid 5880:tid 1148] [client 62.102.148.187:34126] script 'C:/htdocs/homehelpers.pro/xmlrpc.php' not found or unable to stat
[Fri Jul 29 16:43:36.852069 2022] [php7:error] [pid 5880:tid 1204] [client 185.104.184.43:49240] script 'C:/htdocs/homehelpers.pro/xmlrpc.php' not found or unable to stat
[Fri Jul 29 17:28:06.209169 2022] [php7:error] [pid 5880:tid 1136] [client 213.152.161.211:51236] script 'C:/htdocs/homehelpers.pro/xmlrpc.php' not found or unable to stat
[Fri Jul 29 17:57:14.226095 2022] [php7:error] [pid 5880:tid 1288] [client 134.19.179.203:48916] script 'C:/htdocs/homehelpers.pro/xmlrpc.php' not found or unable to stat
[Fri Jul 29 18:28:24.121937 2022] [php7:error] [pid 5880:tid 1288] [client 192.169.82.134:32940] script 'C:/htdocs/homehelpers.pro/xmlrpc.php' not found or unable to stat
[Fri Jul 29 18:32:55.396519 2022] [php7:error] [pid 5880:tid 1136] [client 213.152.187.200:38930] script 'C:/htdocs/homehelpers.pro/xmlrpc.php' not found or unable to stat
[Fri Jul 29 18:38:37.840352 2022] [php7:error] [pid 5880:tid 1184] [client 195.206.105.227:47082] script 'C:/htdocs/homehelpers.pro/xmlrpc.php' not found or unable to stat
[Fri Jul 29 19:34:48.153718 2022] [php7:error] [pid 5880:tid 1196] [client 146.70.61.139:41184] script 'C:/htdocs/homehelpers.pro/xmlrpc.php' not found or unable to stat
[Fri Jul 29 19:53:04.720290 2022] [php7:error] [pid 5880:tid 1228] [client 185.119.81.109:41994] script 'C:/htdocs/homehelpers.pro/wp-login.php' not found or unable to stat
[Fri Jul 29 20:36:41.852954 2022] [php7:error] [pid 5880:tid 1240] [client 217.151.98.163:39612] script 'C:/htdocs/homehelpers.pro/xmlrpc.php' not found or unable to stat
[Fri Jul 29 20:40:11.595331 2022] [php7:error] [pid 5880:tid 1204] [client 185.7.214.104:60760] script 'C:/htdocs/homehelpers.pro/index.php' not found or unable to stat, referer: http://104.33.158.182:80/index.php?s=/Index/\\think\\app/invokefunction&function=call_user_func_array&vars[0]=md5&vars[1][]=HelloThinkPHP21
[Fri Jul 29 20:50:07.572078 2022] [php7:error] [pid 5880:tid 1128] [client 185.119.81.109:42676] script 'C:/htdocs/homehelpers.pro/wp-login.php' not found or unable to stat
[Fri Jul 29 21:42:02.273273 2022] [php7:error] [pid 5880:tid 1288] [client 103.254.153.99:44166] script 'C:/htdocs/homehelpers.pro/xmlrpc.php' not found or unable to stat
[Fri Jul 29 22:15:11.396663 2022] [php7:error] [pid 5880:tid 1160] [client 173.44.55.155:41700] script 'C:/htdocs/homehelpers.pro/xmlrpc.php' not found or unable to stat
[Fri Jul 29 23:45:29.458413 2022] [ssl:error] [pid 5880:tid 1196] [client 104.143.83.241:40054] AH02032: Hostname device-f6018f1d-aecd-47fd-b04d-217e7712c5b7.remotewd.com provided via SNI and hostname homehelpers.pro provided via HTTP have no compatible SSL setup, referer: http://device-f6018f1d-aecd-47fd-b04d-217e7712c5b7.remotewd.com/
[Sat Jul 30 00:04:02.442548 2022] [php7:error] [pid 5880:tid 1204] [client 213.152.186.163:50184] script 'C:/htdocs/homehelpers.pro/xmlrpc.php' not found or unable to stat
[Sat Jul 30 00:37:57.940887 2022] [php7:error] [pid 5880:tid 1160] [client 184.75.221.107:32870] script 'C:/htdocs/homehelpers.pro/xmlrpc.php' not found or unable to stat
[Sat Jul 30 01:59:27.496136 2022] [php7:error] [pid 5880:tid 1136] [client 193.37.254.35:59844] script 'C:/htdocs/homehelpers.pro/xmlrpc.php' not found or unable to stat
[Sat Jul 30 02:02:01.791505 2022] [php7:error] [pid 5880:tid 1136] [client 185.119.81.109:45016] script 'C:/htdocs/homehelpers.pro/wp-login.php' not found or unable to stat
[Sat Jul 30 02:13:38.474113 2022] [php7:error] [pid 5880:tid 1288] [client 171.22.30.73:61081] script 'C:/htdocs/homehelpers.pro/style.php' not found or unable to stat, referer: anonymousfox.co
[Sat Jul 30 02:13:45.357542 2022] [php7:error] [pid 5880:tid 1288] [client 171.22.30.73:61779] script 'C:/htdocs/homehelpers.pro/moduless.php' not found or unable to stat, referer: anonymousfox.co
[Sat Jul 30 02:13:59.680330 2022] [php7:error] [pid 5880:tid 1288] [client 171.22.30.73:50728] script 'C:/htdocs/homehelpers.pro/admin.php' not found or unable to stat, referer: anonymousfox.co
[Sat Jul 30 02:14:17.980682 2022] [php7:error] [pid 5880:tid 1204] [client 171.22.30.73:54548] script 'C:/htdocs/homehelpers.pro/index.php' not found or unable to stat, referer: anonymousfox.co
[Sat Jul 30 02:14:26.906410 2022] [php7:error] [pid 5880:tid 1288] [client 171.22.30.73:58412] script 'C:/htdocs/homehelpers.pro/boom.php' not found or unable to stat, referer: anonymousfox.co
[Sat Jul 30 02:14:47.427605 2022] [php7:error] [pid 5880:tid 1204] [client 171.22.30.73:64791] script 'C:/htdocs/homehelpers.pro/wp-content/plugins/backup_index.php' not found or unable to stat, referer: anonymousfox.co
[Sat Jul 30 02:15:00.644846 2022] [php7:error] [pid 5880:tid 1204] [client 171.22.30.73:55151] script 'C:/htdocs/homehelpers.pro/wp-content/db_cache.php' not found or unable to stat, referer: anonymousfox.co
[Sat Jul 30 02:15:12.795454 2022] [php7:error] [pid 5880:tid 1184] [client 171.22.30.73:59512] script 'C:/htdocs/homehelpers.pro/xmlrp.php' not found or unable to stat, referer: anonymousfox.co
[Sat Jul 30 02:15:19.721447 2022] [php7:error] [pid 5880:tid 1184] [client 171.22.30.73:57828] script 'C:/htdocs/homehelpers.pro/wpindex.php' not found or unable to stat, referer: anonymousfox.co
[Sat Jul 30 02:15:25.283546 2022] [php7:error] [pid 5880:tid 1184] [client 171.22.30.73:64609] script 'C:/htdocs/homehelpers.pro/larva.php' not found or unable to stat, referer: anonymousfox.co
[Sat Jul 30 02:15:44.016368 2022] [php7:error] [pid 5880:tid 1184] [client 171.22.30.73:49622] script 'C:/htdocs/homehelpers.pro/th3_err0r.php' not found or unable to stat, referer: anonymousfox.co
[Sat Jul 30 02:15:50.454636 2022] [php7:error] [pid 5880:tid 1320] [client 171.22.30.73:60960] script 'C:/htdocs/homehelpers.pro/alfindex.php' not found or unable to stat, referer: anonymousfox.co
[Sat Jul 30 02:15:54.384085 2022] [php7:error] [pid 5880:tid 1320] [client 171.22.30.73:50034] script 'C:/htdocs/homehelpers.pro/alfa.php' not found or unable to stat, referer: anonymousfox.co
[Sat Jul 30 02:16:04.918538 2022] [php7:error] [pid 5880:tid 1320] [client 171.22.30.73:59414] script 'C:/htdocs/homehelpers.pro/wp-booking.php' not found or unable to stat, referer: anonymousfox.co
[Sat Jul 30 02:16:12.671644 2022] [php7:error] [pid 5880:tid 1320] [client 171.22.30.73:55216] script 'C:/htdocs/homehelpers.pro/cindex.php' not found or unable to stat, referer: anonymousfox.co
[Sat Jul 30 02:16:18.145778 2022] [php7:error] [pid 5880:tid 1184] [client 171.22.30.73:52091] script 'C:/htdocs/homehelpers.pro/wp-content/wp-1ogin_bak.php' not found or unable to stat, referer: anonymousfox.co
[Sat Jul 30 02:16:28.493114 2022] [php7:error] [pid 5880:tid 1204] [client 171.22.30.73:64704] script 'C:/htdocs/homehelpers.pro/wp-1ogin_bak.php' not found or unable to stat, referer: anonymousfox.co
[Sat Jul 30 02:16:48.575995 2022] [php7:error] [pid 5880:tid 1288] [client 171.22.30.73:61247] script 'C:/htdocs/homehelpers.pro/old-index.php' not found or unable to stat, referer: anonymousfox.co
[Sat Jul 30 02:16:58.861239 2022] [php7:error] [pid 5880:tid 1204] [client 171.22.30.73:57947] script 'C:/htdocs/homehelpers.pro/config.bak.php' not found or unable to stat, referer: anonymousfox.co
[Sat Jul 30 02:17:16.528765 2022] [php7:error] [pid 5880:tid 1320] [client 171.22.30.73:58303] script 'C:/htdocs/homehelpers.pro/wp-content/config.bak.php' not found or unable to stat, referer: anonymousfox.co
[Sat Jul 30 02:17:29.420524 2022] [php7:error] [pid 5880:tid 1320] [client 171.22.30.73:61331] script 'C:/htdocs/homehelpers.pro/wp-content/themes/config.bak.php' not found or unable to stat, referer: anonymousfox.co
[Sat Jul 30 02:17:37.840467 2022] [php7:error] [pid 5880:tid 1320] [client 171.22.30.73:52708] script 'C:/htdocs/homehelpers.pro/wp-content/plugins/config.bak.php' not found or unable to stat, referer: anonymousfox.co
[Sat Jul 30 02:18:17.912443 2022] [php7:error] [pid 5880:tid 1160] [client 171.22.30.73:55239] script 'C:/htdocs/homehelpers.pro/wp-content/plugins/wpconfig.bak.php' not found or unable to stat, referer: anonymousfox.co
[Sat Jul 30 02:18:22.667455 2022] [php7:error] [pid 5880:tid 1288] [client 171.22.30.73:65353] script 'C:/htdocs/homehelpers.pro/haders.php' not found or unable to stat, referer: anonymousfox.co
[Sat Jul 30 02:18:28.277620 2022] [php7:error] [pid 5880:tid 1288] [client 171.22.30.73:61635] script 'C:/htdocs/homehelpers.pro/wp-content/wp-old-index.php' not found or unable to stat, referer: anonymousfox.co
[Sat Jul 30 02:18:34.603841 2022] [php7:error] [pid 5880:tid 1160] [client 171.22.30.73:63721] script 'C:/htdocs/homehelpers.pro/legion.php' not found or unable to stat, referer: anonymousfox.co
[Sat Jul 30 02:19:14.868046 2022] [php7:error] [pid 5880:tid 1288] [client 171.22.30.73:58827] script 'C:/htdocs/homehelpers.pro/up.php' not found or unable to stat, referer: anonymousfox.co
[Sat Jul 30 02:19:26.990266 2022] [php7:error] [pid 5880:tid 1288] [client 171.22.30.73:52855] script 'C:/htdocs/homehelpers.pro/upload.php' not found or unable to stat, referer: anonymousfox.co
[Sat Jul 30 02:19:32.534119 2022] [php7:error] [pid 5880:tid 1288] [client 171.22.30.73:54037] script 'C:/htdocs/homehelpers.pro/config.php' not found or unable to stat, referer: anonymousfox.co
[Sat Jul 30 02:19:38.069072 2022] [php7:error] [pid 5880:tid 1288] [client 171.22.30.73:50025] script 'C:/htdocs/homehelpers.pro/test.php' not found or unable to stat, referer: anonymousfox.co
[Sat Jul 30 02:19:44.798962 2022] [php7:error] [pid 5880:tid 1288] [client 171.22.30.73:61351] script 'C:/htdocs/homehelpers.pro/wp-content/langar.php' not found or unable to stat, referer: anonymousfox.co
[Sat Jul 30 02:22:20.273137 2022] [php7:error] [pid 5880:tid 1160] [client 173.44.55.155:59276] script 'C:/htdocs/homehelpers.pro/xmlrpc.php' not found or unable to stat
[Sat Jul 30 03:49:42.186781 2022] [php7:error] [pid 5880:tid 1240] [client 217.138.195.19:59246] script 'C:/htdocs/homehelpers.pro/xmlrpc.php' not found or unable to stat
[Sat Jul 30 04:22:54.353617 2022] [php7:error] [pid 5880:tid 1240] [client 213.152.161.69:55452] script 'C:/htdocs/homehelpers.pro/xmlrpc.php' not found or unable to stat
[Sat Jul 30 04:36:00.474994 2022] [php7:error] [pid 5880:tid 1148] [client 213.152.162.69:36092] script 'C:/htdocs/homehelpers.pro/xmlrpc.php' not found or unable to stat
[Sat Jul 30 05:27:09.350784 2022] [php7:error] [pid 5880:tid 1136] [client 62.102.148.152:40496] script 'C:/htdocs/homehelpers.pro/xmlrpc.php' not found or unable to stat
[Sat Jul 30 05:34:15.268802 2022] [php7:error] [pid 5880:tid 1148] [client 89.249.74.218:48344] script 'C:/htdocs/homehelpers.pro/xmlrpc.php' not found or unable to stat
[Sat Jul 30 06:00:02.310644 2022] [php7:error] [pid 5880:tid 1228] [client 128.127.104.80:39560] script 'C:/htdocs/homehelpers.pro/xmlrpc.php' not found or unable to stat
[Sat Jul 30 06:09:39.500601 2022] [php7:error] [pid 5880:tid 1184] [client 141.98.102.235:60526] script 'C:/htdocs/homehelpers.pro/xmlrpc.php' not found or unable to stat
[Sat Jul 30 06:39:40.261808 2022] [php7:error] [pid 5880:tid 1260] [client 213.152.161.170:51022] script 'C:/htdocs/homehelpers.pro/xmlrpc.php' not found or unable to stat
[Sat Jul 30 07:11:43.346953 2022] [php7:error] [pid 5880:tid 1240] [client 62.102.148.162:59934] script 'C:/htdocs/homehelpers.pro/xmlrpc.php' not found or unable to stat
[Sat Jul 30 10:03:12.511988 2022] [php7:error] [pid 2648:tid 1284] [client 208.109.39.235:48662] script 'C:/htdocs/homehelpers.pro/wp-login.php' not found or unable to stat, referer: http://device-f6018f1d-aecd-47fd-b04d-217e7712c5b7.remotewd.com/wp-login.php
[Sat Jul 30 10:53:18.873271 2022] [php7:error] [pid 2648:tid 1304] [client 184.75.223.235:55978] script 'C:/htdocs/homehelpers.pro/xmlrpc.php' not found or unable to stat
[Sat Jul 30 11:10:33.649517 2022] [php7:error] [pid 2648:tid 1288] [client 159.89.27.131:34224] script 'C:/htdocs/homehelpers.pro/wp-login.php' not found or unable to stat, referer: http://homehelpers.pro
[Sat Jul 30 11:32:10.984800 2022] [php7:error] [pid 2648:tid 1304] [client 103.254.153.99:46488] script 'C:/htdocs/homehelpers.pro/xmlrpc.php' not found or unable to stat
[Sat Jul 30 11:36:36.907534 2022] [php7:error] [pid 2648:tid 1312] [client 103.254.153.99:49900] script 'C:/htdocs/homehelpers.pro/xmlrpc.php' not found or unable to stat
[Sat Jul 30 11:52:45.020657 2022] [php7:error] [pid 2648:tid 1260] [client 213.152.162.94:35120] script 'C:/htdocs/homehelpers.pro/xmlrpc.php' not found or unable to stat
[Sat Jul 30 13:23:57.218225 2022] [php7:error] [pid 2648:tid 1280] [client 217.151.98.163:35132] script 'C:/htdocs/homehelpers.pro/xmlrpc.php' not found or unable to stat
[Sat Jul 30 13:36:49.482370 2022] [php7:error] [pid 2648:tid 1280] [client 213.152.186.24:41136] script 'C:/htdocs/homehelpers.pro/xmlrpc.php' not found or unable to stat
[Sat Jul 30 13:59:14.464523 2022] [php7:error] [pid 2648:tid 1316] [client 37.228.89.195:41908] script 'C:/htdocs/homehelpers.pro/wp-login.php' not found or unable to stat, referer: http://homehelpers.pro/wp-login.php
[Sat Jul 30 14:35:25.725879 2022] [php7:error] [pid 2648:tid 1260] [client 20.77.70.135:37724] script 'C:/htdocs/homehelpers.pro/wp-login.php' not found or unable to stat, referer: http://hhpro.us/wp-login.php
[Sat Jul 30 14:54:09.345159 2022] [php7:error] [pid 2648:tid 1256] [client 184.75.221.211:42366] script 'C:/htdocs/homehelpers.pro/xmlrpc.php' not found or unable to stat
[Sat Jul 30 16:03:57.594286 2022] [php7:error] [pid 2648:tid 1228] [client 185.189.112.27:48946] script 'C:/htdocs/homehelpers.pro/xmlrpc.php' not found or unable to stat
[Sat Jul 30 16:56:03.212233 2022] [php7:error] [pid 2648:tid 1248] [client 213.152.161.211:47472] script 'C:/htdocs/homehelpers.pro/xmlrpc.php' not found or unable to stat
[Sat Jul 30 17:38:01.569273 2022] [php7:error] [pid 2648:tid 1284] [client 213.152.162.84:52884] script 'C:/htdocs/homehelpers.pro/xmlrpc.php' not found or unable to stat
[Sat Jul 30 18:04:48.564698 2022] [php7:error] [pid 2648:tid 1280] [client 64.42.179.59:33044] script 'C:/htdocs/homehelpers.pro/xmlrpc.php' not found or unable to stat
[Sat Jul 30 18:15:37.631373 2022] [php7:error] [pid 2648:tid 1316] [client 213.152.187.220:56354] script 'C:/htdocs/homehelpers.pro/xmlrpc.php' not found or unable to stat
[Sat Jul 30 18:26:28.483247 2022] [php7:error] [pid 2648:tid 1248] [client 45.162.229.147:55554] script 'C:/htdocs/homehelpers.pro/xmlrpc.php' not found or unable to stat
[Sat Jul 30 18:54:02.147310 2022] [php7:error] [pid 2648:tid 1304] [client 92.119.178.3:43050] script 'C:/htdocs/homehelpers.pro/xmlrpc.php' not found or unable to stat
[Sat Jul 30 18:56:21.778630 2022] [php7:error] [pid 2648:tid 1256] [client 185.200.116.131:53780] script 'C:/htdocs/homehelpers.pro/xmlrpc.php' not found or unable to stat
[Sat Jul 30 19:23:09.905352 2022] [php7:error] [pid 2648:tid 1228] [client 185.93.182.171:34056] script 'C:/htdocs/homehelpers.pro/xmlrpc.php' not found or unable to stat
[Sat Jul 30 19:26:29.761867 2022] [php7:error] [pid 2648:tid 1312] [client 185.93.182.171:59306] script 'C:/htdocs/homehelpers.pro/xmlrpc.php' not found or unable to stat
[Sat Jul 30 19:47:38.250666 2022] [php7:error] [pid 2648:tid 1316] [client 185.7.214.104:48996] script 'C:/htdocs/homehelpers.pro/index.php' not found or unable to stat, referer: http://104.33.158.182:80/index.php?s=/Index/\\think\\app/invokefunction&function=call_user_func_array&vars[0]=md5&vars[1][]=HelloThinkPHP21
[Sat Jul 30 19:55:31.134754 2022] [php7:error] [pid 2648:tid 1312] [client 184.75.223.235:57920] script 'C:/htdocs/homehelpers.pro/xmlrpc.php' not found or unable to stat
[Sat Jul 30 20:55:15.803032 2022] [php7:error] [pid 2648:tid 1312] [client 213.152.162.89:60542] script 'C:/htdocs/homehelpers.pro/xmlrpc.php' not found or unable to stat
[Sat Jul 30 21:00:47.642942 2022] [php7:error] [pid 2648:tid 1248] [client 103.254.153.99:46698] script 'C:/htdocs/homehelpers.pro/xmlrpc.php' not found or unable to stat
[Sat Jul 30 21:01:11.546815 2022] [php7:error] [pid 2648:tid 1304] [client 213.152.162.89:39894] script 'C:/htdocs/homehelpers.pro/xmlrpc.php' not found or unable to stat
[Sat Jul 30 23:26:21.838913 2022] [php7:error] [pid 2648:tid 1236] [client 20.25.180.102:59937] script 'C:/htdocs/homehelpers.pro/style.php' not found or unable to stat, referer: bing.com
[Sat Jul 30 23:26:22.441291 2022] [php7:error] [pid 2648:tid 1236] [client 20.25.180.102:56413] script 'C:/htdocs/homehelpers.pro/wp-class.php' not found or unable to stat
[Sat Jul 30 23:26:24.130078 2022] [php7:error] [pid 2648:tid 1236] [client 20.25.180.102:58928] script 'C:/htdocs/homehelpers.pro/xleet.php' not found or unable to stat
[Sat Jul 30 23:26:24.952224 2022] [php7:error] [pid 2648:tid 1236] [client 20.25.180.102:58558] script 'C:/htdocs/homehelpers.pro/wp-js.php' not found or unable to stat
[Sat Jul 30 23:41:06.290712 2022] [ssl:error] [pid 2648:tid 1288] [client 104.143.83.241:52082] AH02032: Hostname device-f6018f1d-aecd-47fd-b04d-217e7712c5b7.remotewd.com provided via SNI and hostname homehelpers.pro provided via HTTP have no compatible SSL setup, referer: http://device-f6018f1d-aecd-47fd-b04d-217e7712c5b7.remotewd.com/
[Sun Jul 31 00:23:18.333214 2022] [php7:error] [pid 2648:tid 1228] [client 199.249.230.42:53958] script 'C:/htdocs/homehelpers.pro/xmlrpc.php' not found or unable to stat
[Sun Jul 31 00:49:28.817991 2022] [php7:error] [pid 2648:tid 1268] [client 62.102.148.154:55528] script 'C:/htdocs/homehelpers.pro/xmlrpc.php' not found or unable to stat
[Sun Jul 31 04:35:34.812188 2022] [php7:error] [pid 2648:tid 1316] [client 46.19.137.116:37204] script 'C:/htdocs/homehelpers.pro/xmlrpc.php' not found or unable to stat
[Sun Jul 31 05:06:00.039530 2022] [php7:error] [pid 2648:tid 1220] [client 193.37.254.35:34352] script 'C:/htdocs/homehelpers.pro/xmlrpc.php' not found or unable to stat
[Sun Jul 31 05:22:27.266892 2022] [php7:error] [pid 2648:tid 1296] [client 20.231.103.67:65196] script 'C:/htdocs/homehelpers.pro/xmlrpc.php' not found or unable to stat
[Sun Jul 31 07:10:22.347312 2022] [php7:error] [pid 2648:tid 1280] [client 185.9.19.107:42464] script 'C:/htdocs/homehelpers.pro/xmlrpc.php' not found or unable to stat
[Sun Jul 31 07:49:54.727662 2022] [php7:error] [pid 2648:tid 1256] [client 134.19.179.203:41652] script 'C:/htdocs/homehelpers.pro/xmlrpc.php' not found or unable to stat
[Sun Jul 31 08:47:44.285205 2022] [php7:error] [pid 5084:tid 1316] [client 77.246.183.77:43028] script 'C:/htdocs/homehelpers.pro/wp-login.php' not found or unable to stat, referer: http://myzipcodefarm.com/wp-login.php
[Sun Jul 31 09:34:11.457863 2022] [php7:error] [pid 5084:tid 1236] [client 172.104.169.106:45920] script 'C:/htdocs/homehelpers.pro/wp-login.php' not found or unable to stat, referer: http://homehelpers.pro/wp-login.php
[Sun Jul 31 10:25:32.040532 2022] [php7:error] [pid 5084:tid 1244] [client 171.22.30.115:43326] script 'C:/htdocs/homehelpers.pro/wp-config.php' not found or unable to stat
[Sun Jul 31 10:25:37.828249 2022] [php7:error] [pid 5084:tid 1292] [client 171.22.30.115:52568] script 'C:/htdocs/homehelpers.pro/wp-content/force-download.php' not found or unable to stat
[Sun Jul 31 10:25:38.453085 2022] [php7:error] [pid 5084:tid 1292] [client 171.22.30.115:53546] script 'C:/htdocs/homehelpers.pro/force-download.php' not found or unable to stat
[Sun Jul 31 10:25:41.073638 2022] [php7:error] [pid 5084:tid 1292] [client 171.22.30.115:57348] script 'C:/htdocs/homehelpers.pro/wp-content/plugins/mini-mail-dashboard-widgetwp-mini-mail.php' not found or unable to stat
[Sun Jul 31 13:59:30.191368 2022] [php7:error] [pid 5084:tid 916] [client 135.181.248.40:51041] script 'C:/htdocs/homehelpers.pro/wp-login.php' not found or unable to stat
[Sun Jul 31 15:43:19.141439 2022] [php7:error] [pid 5084:tid 1312] [client 65.108.83.8:62654] script 'C:/htdocs/homehelpers.pro/wp-login.php' not found or unable to stat
[Sun Jul 31 17:52:53.272398 2022] [php7:error] [pid 5084:tid 984] [client 185.7.214.104:52852] script 'C:/htdocs/homehelpers.pro/index.php' not found or unable to stat, referer: http://104.33.158.182:80/index.php?s=/Index/\\think\\app/invokefunction&function=call_user_func_array&vars[0]=md5&vars[1][]=HelloThinkPHP21
[Sun Jul 31 19:23:00.497687 2022] [php7:error] [pid 5084:tid 1236] [client 181.214.173.89:49634] script 'C:/htdocs/homehelpers.pro/adminer.php' not found or unable to stat
[Sun Jul 31 19:23:01.954327 2022] [php7:error] [pid 5084:tid 1236] [client 181.214.173.89:51166] script 'C:/htdocs/homehelpers.pro/sql.php' not found or unable to stat
[Sun Jul 31 19:52:18.126996 2022] [php7:error] [pid 5084:tid 996] [client 135.181.248.40:53759] script 'C:/htdocs/homehelpers.pro/wp-login.php' not found or unable to stat
[Sun Jul 31 20:23:02.468129 2022] [php7:error] [pid 5084:tid 552] [client 20.225.141.255:5952] script 'C:/htdocs/homehelpers.pro/xmlrpc.php' not found or unable to stat
[Sun Jul 31 22:38:02.571723 2022] [php7:error] [pid 5084:tid 1304] [client 107.182.129.194:53176] script 'C:/htdocs/homehelpers.pro/wp-plain.php' not found or unable to stat
[Sun Jul 31 22:38:21.420466 2022] [php7:error] [pid 5084:tid 1304] [client 107.182.129.194:58245] script 'C:/htdocs/homehelpers.pro/mfnhctbq.php' not found or unable to stat
[Sun Jul 31 23:21:10.893383 2022] [php7:error] [pid 5084:tid 936] [client 209.182.103.21:59436] script 'C:/htdocs/homehelpers.pro/xmlrpc.php' not found or unable to stat
[Mon Aug 01 00:35:39.662450 2022] [php7:error] [pid 5084:tid 1104] [client 208.67.105.73:62464] script 'C:/htdocs/homehelpers.pro/wp-plain.php' not found or unable to stat
[Mon Aug 01 00:36:02.533189 2022] [php7:error] [pid 5084:tid 552] [client 208.67.105.73:62290] script 'C:/htdocs/homehelpers.pro/ipeakevn.php' not found or unable to stat
[Mon Aug 01 01:22:44.133669 2022] [ssl:error] [pid 5084:tid 1304] [client 104.143.83.241:37148] AH02032: Hostname device-f6018f1d-aecd-47fd-b04d-217e7712c5b7.remotewd.com provided via SNI and hostname homehelpers.pro provided via HTTP have no compatible SSL setup, referer: http://device-f6018f1d-aecd-47fd-b04d-217e7712c5b7.remotewd.com/
[Mon Aug 01 06:30:08.875774 2022] [php7:error] [pid 5084:tid 936] [client 192.185.131.75:11242] script 'C:/htdocs/homehelpers.pro/wp-content/small.php' not found or unable to stat, referer: http://homehelpers.pro/wp-content/small.php
[Mon Aug 01 06:30:09.845678 2022] [php7:error] [pid 5084:tid 1256] [client 192.185.131.75:11508] script 'C:/htdocs/homehelpers.pro/wp-content/small.php' not found or unable to stat, referer: http://homehelpers.pro/wp-content/small.php
[Mon Aug 01 07:22:43.966102 2022] [php7:error] [pid 4296:tid 1264] [client 192.185.129.133:15592] script 'C:/htdocs/homehelpers.pro/wp-content/small.php' not found or unable to stat, referer: http://homehelpers.pro/wp-content/small.php
[Mon Aug 01 07:46:54.950137 2022] [php7:error] [pid 4296:tid 1280] [client 185.212.128.106:44230] script 'C:/htdocs/homehelpers.pro/wp-content/small.php' not found or unable to stat, referer: http://homehelpers.pro/wp-content/small.php
[Mon Aug 01 08:23:12.724282 2022] [php7:error] [pid 4296:tid 1272] [client 65.108.47.224:41698] script 'C:/htdocs/homehelpers.pro/wp-content/small.php' not found or unable to stat, referer: http://homehelpers.pro/wp-content/small.php
[Mon Aug 01 08:24:13.596835 2022] [php7:error] [pid 4296:tid 1336] [client 207.246.249.198:40958] script 'C:/htdocs/homehelpers.pro/xmlrpc.php' not found or unable to stat
[Mon Aug 01 08:25:35.574657 2022] [php7:error] [pid 4296:tid 1336] [client 107.180.107.177:32778] script 'C:/htdocs/homehelpers.pro/xmlrpc.php' not found or unable to stat
[Mon Aug 01 08:27:15.309820 2022] [php7:error] [pid 4296:tid 1280] [client 142.111.159.138:40150] script 'C:/htdocs/homehelpers.pro/wp-content/small.php' not found or unable to stat, referer: http://homehelpers.pro/wp-content/small.php
[Mon Aug 01 08:52:57.545376 2022] [php7:error] [pid 4296:tid 1300] [client 162.214.145.74:53552] script 'C:/htdocs/homehelpers.pro/wp-login.php' not found or unable to stat, referer: http://homehelpers.pro/wp-login.php
[Mon Aug 01 08:55:35.454020 2022] [php7:error] [pid 4296:tid 1324] [client 167.114.64.97:55042] script 'C:/htdocs/homehelpers.pro/index.php' not found or unable to stat
[Mon Aug 01 09:27:22.678527 2022] [php7:error] [pid 4296:tid 1336] [client 107.180.103.185:41498] script 'C:/htdocs/homehelpers.pro/wp-login.php' not found or unable to stat, referer: http://device-f6018f1d-aecd-47fd-b04d-217e7712c5b7.remotewd.com/wp-login.php
[Mon Aug 01 10:55:14.061363 2022] [php7:error] [pid 4296:tid 1208] [client 79.110.62.142:51410] script 'C:/htdocs/homehelpers.pro/wp-plain.php' not found or unable to stat
[Mon Aug 01 10:56:06.464119 2022] [php7:error] [pid 4296:tid 1272] [client 79.110.62.142:50125] script 'C:/htdocs/homehelpers.pro/wcseoktx.php' not found or unable to stat
[Mon Aug 01 11:40:28.804878 2022] [php7:error] [pid 4296:tid 1192] [client 37.9.175.156:54278] script 'C:/htdocs/homehelpers.pro/wp-content/small.php' not found or unable to stat, referer: http://homehelpers.pro/wp-content/small.php
[Mon Aug 01 13:27:34.224846 2022] [php7:error] [pid 4296:tid 1248] [client 185.104.29.90:35468] script 'C:/htdocs/homehelpers.pro/new.php' not found or unable to stat, referer: http://homehelpers.pro/new.php
[Mon Aug 01 13:27:37.697312 2022] [php7:error] [pid 4296:tid 1324] [client 185.104.29.90:36064] script 'C:/htdocs/homehelpers.pro/new.php' not found or unable to stat, referer: http://homehelpers.pro/new.php
[Mon Aug 01 13:28:39.425944 2022] [php7:error] [pid 4296:tid 1308] [client 194.233.67.171:59610] script 'C:/htdocs/homehelpers.pro/wp-login.php' not found or unable to stat, referer: http://myzipcodefarm.com/wp-login.php
[Mon Aug 01 15:03:59.604086 2022] [php7:error] [pid 4296:tid 1168] [client 185.7.214.104:50182] script 'C:/htdocs/homehelpers.pro/index.php' not found or unable to stat, referer: http://104.33.158.182:80/index.php?s=/Index/\\think\\app/invokefunction&function=call_user_func_array&vars[0]=md5&vars[1][]=HelloThinkPHP21
[Mon Aug 01 17:44:21.332935 2022] [php7:error] [pid 4296:tid 1208] [client 31.13.228.35:39494] script 'C:/htdocs/homehelpers.pro/wp-content/small.php' not found or unable to stat, referer: http://homehelpers.pro/wp-content/small.php
[Mon Aug 01 21:49:28.886502 2022] [php7:error] [pid 4296:tid 1168] [client 20.14.74.88:55616] script 'C:/htdocs/homehelpers.pro/xmlrpc.php' not found or unable to stat
[Mon Aug 01 21:50:06.698701 2022] [php7:error] [pid 4296:tid 1300] [client 20.14.74.88:49966] script 'C:/htdocs/homehelpers.pro/xmlrpc.php' not found or unable to stat
[Mon Aug 01 22:46:44.160078 2022] [php7:error] [pid 4296:tid 1168] [client 193.201.9.12:54242] script 'C:/htdocs/homehelpers.pro/wp-content/plugins/plugins.php' not found or unable to stat
[Mon Aug 01 23:42:33.236003 2022] [ssl:error] [pid 4296:tid 1300] [client 104.143.83.241:46326] AH02032: Hostname device-f6018f1d-aecd-47fd-b04d-217e7712c5b7.remotewd.com provided via SNI and hostname homehelpers.pro provided via HTTP have no compatible SSL setup, referer: http://device-f6018f1d-aecd-47fd-b04d-217e7712c5b7.remotewd.com/
[Tue Aug 02 04:40:17.210122 2022] [php7:error] [pid 4296:tid 1208] [client 185.119.81.99:58984] script 'C:/htdocs/homehelpers.pro/wp-login.php' not found or unable to stat
[Tue Aug 02 06:14:20.291565 2022] [php7:error] [pid 4296:tid 1140] [client 185.119.81.99:40026] script 'C:/htdocs/homehelpers.pro/wp-login.php' not found or unable to stat
[Tue Aug 02 09:29:19.704537 2022] [php7:error] [pid 2116:tid 1196] [client 185.119.81.98:39112] script 'C:/htdocs/homehelpers.pro/wp-login.php' not found or unable to stat
[Tue Aug 02 09:43:57.575510 2022] [php7:error] [pid 2116:tid 1256] [client 188.65.115.194:35172] script 'C:/htdocs/homehelpers.pro/xmlrpc.php' not found or unable to stat
[Tue Aug 02 09:43:57.590892 2022] [php7:error] [pid 2116:tid 1304] [client 188.65.115.194:35174] script 'C:/htdocs/homehelpers.pro/xmlrpc.php' not found or unable to stat
[Tue Aug 02 09:43:58.835879 2022] [php7:error] [pid 2116:tid 1280] [client 52.66.35.255:51526] script 'C:/htdocs/homehelpers.pro/xmlrpc.php' not found or unable to stat
[Tue Aug 02 09:43:58.835879 2022] [php7:error] [pid 2116:tid 1232] [client 52.66.35.255:51528] script 'C:/htdocs/homehelpers.pro/xmlrpc.php' not found or unable to stat
[Tue Aug 02 09:46:26.756885 2022] [php7:error] [pid 2116:tid 1196] [client 149.28.106.55:36192] script 'C:/htdocs/homehelpers.pro/wp-login.php' not found or unable to stat, referer: http://device-f6018f1d-aecd-47fd-b04d-217e7712c5b7.remotewd.com/wp-login.php
[Tue Aug 02 09:46:42.058207 2022] [php7:error] [pid 2116:tid 1256] [client 51.255.86.209:35031] script 'C:/htdocs/homehelpers.pro/xmlrpc.php' not found or unable to stat
[Tue Aug 02 09:46:42.120662 2022] [php7:error] [pid 2116:tid 1292] [client 51.255.86.209:35032] script 'C:/htdocs/homehelpers.pro/xmlrpc.php' not found or unable to stat
[Tue Aug 02 09:47:50.615521 2022] [php7:error] [pid 2116:tid 1292] [client 91.134.248.253:52158] script 'C:/htdocs/homehelpers.pro/xmlrpc.php' not found or unable to stat
[Tue Aug 02 09:47:50.631138 2022] [php7:error] [pid 2116:tid 1256] [client 91.134.248.253:52160] script 'C:/htdocs/homehelpers.pro/xmlrpc.php' not found or unable to stat
[Tue Aug 02 09:49:04.414820 2022] [php7:error] [pid 2116:tid 1220] [client 178.128.57.37:55222] script 'C:/htdocs/homehelpers.pro/xmlrpc.php' not found or unable to stat
[Tue Aug 02 09:49:04.586643 2022] [php7:error] [pid 2116:tid 1216] [client 178.128.57.37:55224] script 'C:/htdocs/homehelpers.pro/xmlrpc.php' not found or unable to stat
[Tue Aug 02 09:51:16.904936 2022] [php7:error] [pid 2116:tid 1216] [client 62.171.134.234:39226] script 'C:/htdocs/homehelpers.pro/xmlrpc.php' not found or unable to stat
[Tue Aug 02 09:51:16.936177 2022] [php7:error] [pid 2116:tid 1320] [client 62.171.134.234:39228] script 'C:/htdocs/homehelpers.pro/xmlrpc.php' not found or unable to stat
[Tue Aug 02 09:51:17.045523 2022] [php7:error] [pid 2116:tid 1304] [client 132.148.120.165:35847] script 'C:/htdocs/homehelpers.pro/xmlrpc.php' not found or unable to stat
[Tue Aug 02 09:51:17.076765 2022] [php7:error] [pid 2116:tid 1260] [client 132.148.120.165:35851] script 'C:/htdocs/homehelpers.pro/xmlrpc.php' not found or unable to stat
[Tue Aug 02 09:52:51.975486 2022] [php7:error] [pid 2116:tid 1280] [client 14.139.45.128:46121] script 'C:/htdocs/homehelpers.pro/xmlrpc.php' not found or unable to stat
[Tue Aug 02 09:52:51.991135 2022] [php7:error] [pid 2116:tid 1304] [client 14.139.45.128:46122] script 'C:/htdocs/homehelpers.pro/xmlrpc.php' not found or unable to stat
[Tue Aug 02 09:53:19.749444 2022] [php7:error] [pid 2116:tid 1220] [client 198.71.236.6:11380] script 'C:/htdocs/homehelpers.pro/xmlrpc.php' not found or unable to stat
[Tue Aug 02 09:53:19.765095 2022] [php7:error] [pid 2116:tid 1304] [client 198.71.236.6:11388] script 'C:/htdocs/homehelpers.pro/xmlrpc.php' not found or unable to stat
[Tue Aug 02 09:53:19.827582 2022] [php7:error] [pid 2116:tid 1228] [client 209.17.114.78:36316] script 'C:/htdocs/homehelpers.pro/xmlrpc.php' not found or unable to stat
